{"id":7989,"date":"2021-10-08T11:01:33","date_gmt":"2021-10-08T14:01:33","guid":{"rendered":"https:\/\/www.vbdivulg.com\/?page_id=7989"},"modified":"2021-10-08T14:13:38","modified_gmt":"2021-10-08T17:13:38","slug":"funcionamento","status":"publish","type":"page","link":"https:\/\/www.vbdivulg.com\/index.php\/funcionamento\/","title":{"rendered":""},"content":{"rendered":"\t\t<div data-elementor-type=\"wp-page\" data-elementor-id=\"7989\" class=\"elementor elementor-7989\" data-elementor-settings=\"[]\">\n\t\t\t<div class=\"elementor-inner\">\n\t\t\t\t<div class=\"elementor-section-wrap\">\n\t\t\t\t\t\t\t<section class=\"elementor-element elementor-element-4bd3778 elementor-section-boxed elementor-section-height-default elementor-section-height-default elementor-section elementor-top-section\" data-id=\"4bd3778\" data-element_type=\"section\">\n\t\t\t\t\t\t<div class=\"elementor-container elementor-column-gap-default\">\n\t\t\t\t<div class=\"elementor-row\">\n\t\t\t\t<div class=\"elementor-element elementor-element-ccf105b elementor-column elementor-col-100 elementor-top-column\" data-id=\"ccf105b\" data-element_type=\"column\">\n\t\t\t<div class=\"elementor-column-wrap  elementor-element-populated\">\n\t\t\t\t\t<div class=\"elementor-widget-wrap\">\n\t\t\t\t<div class=\"elementor-element elementor-element-a44eae4 elementor-widget elementor-widget-heading\" data-id=\"a44eae4\" data-element_type=\"widget\" data-widget_type=\"heading.default\">\n\t\t\t\t<div class=\"elementor-widget-container\">\n\t\t\t<h2 class=\"elementor-heading-title elementor-size-default\">Como funciona a VBDivulg - Promo e Cupons<\/h2>\t\t<\/div>\n\t\t\t\t<\/div>\n\t\t\t\t\t\t<\/div>\n\t\t\t<\/div>\n\t\t<\/div>\n\t\t\t\t\t\t<\/div>\n\t\t\t<\/div>\n\t\t<\/section>\n\t\t\t\t<section class=\"elementor-element elementor-element-cdc77d4 elementor-section-boxed elementor-section-height-default elementor-section-height-default elementor-section elementor-top-section\" data-id=\"cdc77d4\" data-element_type=\"section\">\n\t\t\t\t\t\t<div class=\"elementor-container elementor-column-gap-default\">\n\t\t\t\t<div class=\"elementor-row\">\n\t\t\t\t<div class=\"elementor-element elementor-element-bd928ba elementor-column elementor-col-100 elementor-top-column\" data-id=\"bd928ba\" data-element_type=\"column\">\n\t\t\t<div class=\"elementor-column-wrap  elementor-element-populated\">\n\t\t\t\t\t<div class=\"elementor-widget-wrap\">\n\t\t\t\t<div class=\"elementor-element elementor-element-1bd9e8d elementor-widget elementor-widget-text-editor\" data-id=\"1bd9e8d\" data-element_type=\"widget\" data-widget_type=\"text-editor.default\">\n\t\t\t\t<div class=\"elementor-widget-container\">\n\t\t\t\t\t<div class=\"elementor-text-editor elementor-clearfix\"><p>Ol\u00e1, Seja bem vindo (a) \ud83d\ude0a Segue algumas informa\u00e7\u00f5es para que voc\u00ea conhe\u00e7a um pouco mais do nosso trabalho. \ud83d\ude09<\/p><p>\u00a0<\/p><p>\ud83d\udea8 \ud83d\udea8 <strong>ESCLARECENDO\u00a0<\/strong><strong style=\"letter-spacing: -0.01em;\">D\u00daVIDAS MAIS FREQUENTES<\/strong><span style=\"letter-spacing: -0.01em;\"> \ud83d\udea8 \ud83d\udea8<\/span><\/p><p>\u00a0<\/p><p>\u27a1 <strong>QUAL \u00c9 O OBJETIVO DO GRUPO?<\/strong><\/p><p>VBDivulg \u00e9 um grupo criado desde 2017 com o objetivo de divulgar promo\u00e7\u00f5es das maiores lojas virtuais do pa\u00eds como: Americanas, Submarino, Magazine Luiza, Amazon, Centauro, Netshoes, Carrefour e muito mais.<\/p><p>\u00a0<\/p><p>\u27a1 <strong>\u00c9 CONFI\u00c1VEL COMPRAR PELO GRUPO ?<\/strong><\/p><p>Sim, s\u00f3 divulgamos lojas extremamente confi\u00e1veis. N\u00e3o esque\u00e7a, gostou de alguma oferta?! Compre pelo link, assim as lojas reconhecem a nossa indica\u00e7\u00e3o \ud83d\udc4d\ud83c\udffb\ud83d\ude00<\/p><p>\u00a0<\/p><p>\u27a1<strong> QUANTO TEMPO DURA UMA PROMO\u00c7\u00c3O?<\/strong><\/p><p>Infelizmente n\u00e3o temos como prever. As ofertas podem durar dias ou apenas alguns segundos. Fiquem atentos!!!<\/p><p>\u00a0<\/p><p>\u27a1<strong>POR QUE QUANDO CLICO NO LINK O PRE\u00c7O EST\u00c1 DIFERENTE DA POSTAGEM\u2049\ufe0f \ud83e\udd14<\/strong><\/p><p>\u2022 Veja se tem cupom para aplicar e se ele ainda est\u00e1 ativo. <br \/>\u2022 Veja se o valor indicado \u00e9 para pagamento \u00e0 vista ou no cart\u00e3o da loja.<br \/>\u2022 Veja se acabou o estoque e est\u00e1 sendo vendido por outra loja. <br \/>\u2022 Se n\u00e3o for o caso de nenhuma das op\u00e7\u00f5es anteriores, provavelmente a oferta esgotou.<\/p><p>\u00a0<\/p><p>\u27a1 <strong>COMO FUNCIONA OS CUPONS DE DESCONTO?<\/strong><\/p><p>Quando alguma loja libera cupom, informamos nas postagens e os mesmos devem ser digitados na tela de pagamento para obter o valor anunciado.<\/p><p>\u00a0<\/p><p>\u27a1<strong>COMO FUNCIONA O PAGAMENTO DOS PRODUTOS?<\/strong><\/p><p>As lojas oferecem duas formas de pagamento: boleto e cart\u00e3o, mas antes de comprar voc\u00ea ter\u00e1 que se cadastrar na loja, caso ainda n\u00e3o tenha cadastro.<\/p><p>\u00a0<\/p><p>\u27a1 <strong>AINDA ESTOU INSEGURO(A) DE FAZER UMA COMPRA, O QUE FA\u00c7O?! \ud83d\ude2c<\/strong><\/p><p>Uma boa dica \u00e9 come\u00e7ar comprando algo barato, assim voc\u00ea testa, come\u00e7a a entender como funciona e fica mais seguro.<\/p><\/div>\n\t\t\t\t<\/div>\n\t\t\t\t<\/div>\n\t\t\t\t\t\t<\/div>\n\t\t\t<\/div>\n\t\t<\/div>\n\t\t\t\t\t\t<\/div>\n\t\t\t<\/div>\n\t\t<\/section>\n\t\t\t\t<section class=\"elementor-element elementor-element-da14c94 elementor-section-boxed elementor-section-height-default elementor-section-height-default elementor-section elementor-top-section\" data-id=\"da14c94\" data-element_type=\"section\">\n\t\t\t\t\t\t<div class=\"elementor-container elementor-column-gap-default\">\n\t\t\t\t<div class=\"elementor-row\">\n\t\t\t\t<div class=\"elementor-element elementor-element-550458a elementor-column elementor-col-100 elementor-top-column\" data-id=\"550458a\" data-element_type=\"column\">\n\t\t\t<div class=\"elementor-column-wrap  elementor-element-populated\">\n\t\t\t\t\t<div class=\"elementor-widget-wrap\">\n\t\t\t\t<section class=\"elementor-element elementor-element-30214d7 elementor-section-boxed elementor-section-height-default elementor-section-height-default elementor-section elementor-inner-section\" data-id=\"30214d7\" data-element_type=\"section\">\n\t\t\t\t\t\t<div class=\"elementor-container elementor-column-gap-default\">\n\t\t\t\t<div class=\"elementor-row\">\n\t\t\t\t<div class=\"elementor-element elementor-element-fd007b3 elementor-column elementor-col-100 elementor-inner-column\" data-id=\"fd007b3\" data-element_type=\"column\">\n\t\t\t<div class=\"elementor-column-wrap  elementor-element-populated\">\n\t\t\t\t\t<div class=\"elementor-widget-wrap\">\n\t\t\t\t<div class=\"elementor-element elementor-element-a72df3a elementor-widget elementor-widget-image\" data-id=\"a72df3a\" data-element_type=\"widget\" data-widget_type=\"image.default\">\n\t\t\t\t<div class=\"elementor-widget-container\">\n\t\t\t\t\t<div class=\"elementor-image\">\n\t\t\t\t\t\t\t\t\t\t<img loading=\"lazy\" decoding=\"async\" width=\"1024\" height=\"538\" src=\"https:\/\/www.vbdivulg.com\/wp-content\/uploads\/2021\/06\/whatsapp-1024x538.png\" class=\"attachment-large size-large\" alt=\"\" srcset=\"https:\/\/www.vbdivulg.com\/wp-content\/uploads\/2021\/06\/whatsapp-1024x538.png 1024w, https:\/\/www.vbdivulg.com\/wp-content\/uploads\/2021\/06\/whatsapp-300x158.png 300w, https:\/\/www.vbdivulg.com\/wp-content\/uploads\/2021\/06\/whatsapp-768x403.png 768w, https:\/\/www.vbdivulg.com\/wp-content\/uploads\/2021\/06\/whatsapp-600x315.png 600w, https:\/\/www.vbdivulg.com\/wp-content\/uploads\/2021\/06\/whatsapp.png 1200w\" sizes=\"auto, (max-width: 1024px) 100vw, 1024px\" \/>\t\t\t\t\t\t\t\t\t\t\t<\/div>\n\t\t\t\t<\/div>\n\t\t\t\t<\/div>\n\t\t\t\t\t\t<\/div>\n\t\t\t<\/div>\n\t\t<\/div>\n\t\t\t\t\t\t<\/div>\n\t\t\t<\/div>\n\t\t<\/section>\n\t\t\t\t<div class=\"elementor-element elementor-element-be75127 elementor-widget elementor-widget-heading\" data-id=\"be75127\" data-element_type=\"widget\" data-widget_type=\"heading.default\">\n\t\t\t\t<div class=\"elementor-widget-container\">\n\t\t\t<h2 class=\"elementor-heading-title elementor-size-default\">Que tal acompanhar as ofertas tamb\u00e9m no whatsapp?\u200b<\/h2>\t\t<\/div>\n\t\t\t\t<\/div>\n\t\t\t\t<div class=\"elementor-element elementor-element-0e04fec elementor-widget elementor-widget-text-editor\" data-id=\"0e04fec\" data-element_type=\"widget\" data-widget_type=\"text-editor.default\">\n\t\t\t\t<div class=\"elementor-widget-container\">\n\t\t\t\t\t<div class=\"elementor-text-editor elementor-clearfix\"><p>Deixe as ofertas correrem atr\u00e1s\u00a0 de voc\u00ea! Fa\u00e7a parte de um de nossos grupos de whatsapp e tenha acesso a mais de 40 ofertas diariamente!<\/p><p>Para entrar em um de nossos grupos, <a href=\"https:\/\/www.vbdivulg.com\/whatasapp\">clique AQUI<\/a>.<\/p><p>S\u00e3o mais de 40 ofertas postadas diariamente em primeira m\u00e3o. Tenho certeza que voc\u00ea aproveitar\u00e1 v\u00e1rias oportunidades.<\/p><\/div>\n\t\t\t\t<\/div>\n\t\t\t\t<\/div>\n\t\t\t\t\t\t<\/div>\n\t\t\t<\/div>\n\t\t<\/div>\n\t\t\t\t\t\t<\/div>\n\t\t\t<\/div>\n\t\t<\/section>\n\t\t\t\t\t\t<\/div>\n\t\t\t<\/div>\n\t\t<\/div>\n\t\t","protected":false},"excerpt":{"rendered":"<p>Como funciona a VBDivulg &#8211; Promo e Cupons Ol\u00e1, Seja bem vindo (a) \ud83d\ude0a Segue algumas informa\u00e7\u00f5es para que voc\u00ea conhe\u00e7a um pouco mais do nosso trabalho. \ud83d\ude09 \u00a0 \ud83d\udea8<\/p>\n","protected":false},"author":3,"featured_media":0,"parent":0,"menu_order":0,"comment_status":"closed","ping_status":"closed","template":"","meta":{"footnotes":""},"class_list":["post-7989","page","type-page","status-publish","hentry"],"_links":{"self":[{"href":"https:\/\/www.vbdivulg.com\/index.php\/wp-json\/wp\/v2\/pages\/7989","targetHints":{"allow":["GET"]}}],"collection":[{"href":"https:\/\/www.vbdivulg.com\/index.php\/wp-json\/wp\/v2\/pages"}],"about":[{"href":"https:\/\/www.vbdivulg.com\/index.php\/wp-json\/wp\/v2\/types\/page"}],"author":[{"embeddable":true,"href":"https:\/\/www.vbdivulg.com\/index.php\/wp-json\/wp\/v2\/users\/3"}],"replies":[{"embeddable":true,"href":"https:\/\/www.vbdivulg.com\/index.php\/wp-json\/wp\/v2\/comments?post=7989"}],"version-history":[{"count":10,"href":"https:\/\/www.vbdivulg.com\/index.php\/wp-json\/wp\/v2\/pages\/7989\/revisions"}],"predecessor-version":[{"id":8005,"href":"https:\/\/www.vbdivulg.com\/index.php\/wp-json\/wp\/v2\/pages\/7989\/revisions\/8005"}],"wp:attachment":[{"href":"https:\/\/www.vbdivulg.com\/index.php\/wp-json\/wp\/v2\/media?parent=7989"}],"curies":[{"name":"wp","href":"https:\/\/api.w.org\/{rel}","templated":true}]}}