{"id":8226,"date":"2023-05-09T19:09:42","date_gmt":"2023-05-09T22:09:42","guid":{"rendered":"https:\/\/www.vbdivulg.com\/?post_type=product&#038;p=8226"},"modified":"2023-05-09T19:09:42","modified_gmt":"2023-05-09T22:09:42","slug":"jogo-de-potes-de-plastico-hermetico-electrolux-com-tampa-quadrado-8-pecas","status":"publish","type":"product","link":"https:\/\/www.vbdivulg.com\/index.php\/produto\/jogo-de-potes-de-plastico-hermetico-electrolux-com-tampa-quadrado-8-pecas\/","title":{"rendered":"Jogo de Potes de Pl\u00e1stico Herm\u00e9tico Electrolux &#8211; com Tampa Quadrado 8 Pe\u00e7as"},"content":{"rendered":"","protected":false},"excerpt":{"rendered":"<p><strong>8 Potes Fechamento Herm\u00e9tico\u2757\ufe0f<\/strong><\/p>\n<p><strong>Jogo de Potes de Pl\u00e1stico Herm\u00e9tico Electrolux &#8211; com Tampa Quadrado 8 Pe\u00e7as<\/strong><\/p>\n<p><strong>\ud83d\udd25 Por: R$ 75,91 \u00e0 vista<\/strong><\/p>\n<p><strong>\u26a0\ufe0f Oferta v\u00e1lida para hoje, 09\/05\/2023, podendo encerrar a qualquer momento!!!<\/strong><\/p>\n<p><strong>\ud83d\ude9b *Retire na loja e N\u00c3O pague o frete (Consulte disponibilidade para seu cep) op\u00e7\u00e3o na tela de pagamento!!!*<\/strong><\/p>\n","protected":false},"featured_media":8227,"comment_status":"open","ping_status":"closed","template":"","meta":[],"class_list":{"0":"post-8226","1":"product","2":"type-product","3":"status-publish","4":"has-post-thumbnail","6":"product_cat-utilidades-domesticas","8":"first","9":"instock","10":"sale","11":"shipping-taxable","12":"product-type-external"},"_links":{"self":[{"href":"https:\/\/www.vbdivulg.com\/index.php\/wp-json\/wp\/v2\/product\/8226","targetHints":{"allow":["GET"]}}],"collection":[{"href":"https:\/\/www.vbdivulg.com\/index.php\/wp-json\/wp\/v2\/product"}],"about":[{"href":"https:\/\/www.vbdivulg.com\/index.php\/wp-json\/wp\/v2\/types\/product"}],"replies":[{"embeddable":true,"href":"https:\/\/www.vbdivulg.com\/index.php\/wp-json\/wp\/v2\/comments?post=8226"}],"wp:featuredmedia":[{"embeddable":true,"href":"https:\/\/www.vbdivulg.com\/index.php\/wp-json\/wp\/v2\/media\/8227"}],"wp:attachment":[{"href":"https:\/\/www.vbdivulg.com\/index.php\/wp-json\/wp\/v2\/media?parent=8226"}],"curies":[{"name":"wp","href":"https:\/\/api.w.org\/{rel}","templated":true}]}}