{"id":8288,"date":"2023-05-12T15:55:13","date_gmt":"2023-05-12T18:55:13","guid":{"rendered":"https:\/\/www.vbdivulg.com\/?post_type=product&#038;p=8288"},"modified":"2023-05-12T15:55:39","modified_gmt":"2023-05-12T18:55:39","slug":"lencos-umedecidos-pampers-aroma-de-aloe-vera-192-unidades","status":"publish","type":"product","link":"https:\/\/www.vbdivulg.com\/index.php\/produto\/lencos-umedecidos-pampers-aroma-de-aloe-vera-192-unidades\/","title":{"rendered":"Len\u00e7os Umedecidos Pampers Aroma de Aloe Vera 192 Unidades"},"content":{"rendered":"","protected":false},"excerpt":{"rendered":"<p><strong>\u00c9 PAMPERS \ud83d\udc9a Queridinho das Mam\u00e3es\u203c\ufe0f<\/strong><\/p>\n<p><strong>Len\u00e7os Umedecidos Pampers Aroma de Aloe Vera 192 Unidades<\/strong><\/p>\n<p><strong>\ud83d\udd25 Por: R$ 30,29 \u00e0 vista<\/strong><\/p>\n<p><strong>\u26a0\ufe0f Oferta v\u00e1lida para hoje, 12\/05\/2023, podendo encerrar a qualquer momento!!!<\/strong><\/p>\n<p><strong>\u2712\ufe0f Seja prime, primeiro m\u00eas \u00e9 gr\u00e1tis e pode cancelar quando quiser (inclusive no primeiro m\u00eas): <a href=\"https:\/\/amzn.to\/3xyV8G9\">https:\/\/amzn.to\/3xyV8G9<\/a><\/strong><\/p>\n","protected":false},"featured_media":8289,"comment_status":"open","ping_status":"closed","template":"","meta":[],"class_list":{"0":"post-8288","1":"product","2":"type-product","3":"status-publish","4":"has-post-thumbnail","6":"product_cat-bebes","8":"first","9":"instock","10":"sale","11":"shipping-taxable","12":"product-type-external"},"_links":{"self":[{"href":"https:\/\/www.vbdivulg.com\/index.php\/wp-json\/wp\/v2\/product\/8288","targetHints":{"allow":["GET"]}}],"collection":[{"href":"https:\/\/www.vbdivulg.com\/index.php\/wp-json\/wp\/v2\/product"}],"about":[{"href":"https:\/\/www.vbdivulg.com\/index.php\/wp-json\/wp\/v2\/types\/product"}],"replies":[{"embeddable":true,"href":"https:\/\/www.vbdivulg.com\/index.php\/wp-json\/wp\/v2\/comments?post=8288"}],"wp:featuredmedia":[{"embeddable":true,"href":"https:\/\/www.vbdivulg.com\/index.php\/wp-json\/wp\/v2\/media\/8289"}],"wp:attachment":[{"href":"https:\/\/www.vbdivulg.com\/index.php\/wp-json\/wp\/v2\/media?parent=8288"}],"curies":[{"name":"wp","href":"https:\/\/api.w.org\/{rel}","templated":true}]}}