{"id":8311,"date":"2023-05-15T09:14:30","date_gmt":"2023-05-15T12:14:30","guid":{"rendered":"https:\/\/www.vbdivulg.com\/?post_type=product&#038;p=8311"},"modified":"2023-05-15T09:14:53","modified_gmt":"2023-05-15T12:14:53","slug":"sabao-liquido-ariel-expert-3l","status":"publish","type":"product","link":"https:\/\/www.vbdivulg.com\/index.php\/produto\/sabao-liquido-ariel-expert-3l\/","title":{"rendered":"Sab\u00e3o L\u00edquido Ariel Expert 3L"},"content":{"rendered":"","protected":false},"excerpt":{"rendered":"<p>Esse \u00e9 o de 3 Litros, Ariel \ud83e\uddfc<\/p>\n<p>\ud83d\udce6 FRETE GR\u00c1TIS Amazon Prime<\/p>\n<p>Sab\u00e3o L\u00edquido Ariel Expert 3L<\/p>\n<p>\ud83d\udd25R$ 37,99 \u00e0 vista<\/p>\n<p>\u26a0\ufe0f Oferta v\u00e1lida para hoje, 15\/05\/2023, podendo encerrar a qualquer momento!!!<\/p>\n<p>\u2712\ufe0f Seja prime, primeiro m\u00eas \u00e9 gr\u00e1tis e pode cancelar quando quiser (inclusive no primeiro m\u00eas):<a href=\"https:\/\/amzn.to\/3xyV8G9\"> https:\/\/amzn.to\/3xyV8G9<\/a><\/p>\n","protected":false},"featured_media":8312,"comment_status":"open","ping_status":"closed","template":"","meta":[],"class_list":{"0":"post-8311","1":"product","2":"type-product","3":"status-publish","4":"has-post-thumbnail","6":"product_cat-mercado","8":"first","9":"instock","10":"sale","11":"shipping-taxable","12":"product-type-external"},"_links":{"self":[{"href":"https:\/\/www.vbdivulg.com\/index.php\/wp-json\/wp\/v2\/product\/8311","targetHints":{"allow":["GET"]}}],"collection":[{"href":"https:\/\/www.vbdivulg.com\/index.php\/wp-json\/wp\/v2\/product"}],"about":[{"href":"https:\/\/www.vbdivulg.com\/index.php\/wp-json\/wp\/v2\/types\/product"}],"replies":[{"embeddable":true,"href":"https:\/\/www.vbdivulg.com\/index.php\/wp-json\/wp\/v2\/comments?post=8311"}],"wp:featuredmedia":[{"embeddable":true,"href":"https:\/\/www.vbdivulg.com\/index.php\/wp-json\/wp\/v2\/media\/8312"}],"wp:attachment":[{"href":"https:\/\/www.vbdivulg.com\/index.php\/wp-json\/wp\/v2\/media?parent=8311"}],"curies":[{"name":"wp","href":"https:\/\/api.w.org\/{rel}","templated":true}]}}