{"id":8330,"date":"2023-05-15T16:05:54","date_gmt":"2023-05-15T19:05:54","guid":{"rendered":"https:\/\/www.vbdivulg.com\/?post_type=product&#038;p=8330"},"modified":"2023-06-01T08:41:56","modified_gmt":"2023-06-01T11:41:56","slug":"carga-para-aparelho-de-barbear-gillette-mach3-sensitive-20-unidades","status":"publish","type":"product","link":"https:\/\/www.vbdivulg.com\/index.php\/produto\/carga-para-aparelho-de-barbear-gillette-mach3-sensitive-20-unidades\/","title":{"rendered":"Carga para Aparelho de Barbear Gillette Mach3 Sensitive 20 unidades"},"content":{"rendered":"","protected":false},"excerpt":{"rendered":"<p><strong>S\u00e3o 20 unidades \ud83e\ude92 Vers\u00e3o sensitive<\/strong><\/p>\n<p><strong>Carga para Aparelho de Barbear Gillette Mach3 Sensitive 20 unidades<\/strong><\/p>\n<p><strong>\ud83d\udd25R$ 112,38 em at\u00e9 3x<\/strong><\/p>\n<p><strong>\u26a0\ufe0f Oferta v\u00e1lida para hoje, 15\/05\/2023, podendo encerrar a qualquer momento!!!<\/strong><\/p>\n<p><strong>\u2712\ufe0f Seja prime, primeiro m\u00eas \u00e9 gr\u00e1tis e pode cancelar quando quiser (inclusive no primeiro m\u00eas): <a href=\"https:\/\/amzn.to\/3xyV8G9\">https:\/\/amzn.to\/3xyV8G9<\/a><\/strong><\/p>\n","protected":false},"featured_media":8331,"comment_status":"open","ping_status":"closed","template":"","meta":[],"class_list":{"0":"post-8330","1":"product","2":"type-product","3":"status-publish","4":"has-post-thumbnail","6":"product_cat-beleza","8":"first","9":"instock","10":"sale","11":"shipping-taxable","12":"product-type-external"},"_links":{"self":[{"href":"https:\/\/www.vbdivulg.com\/index.php\/wp-json\/wp\/v2\/product\/8330","targetHints":{"allow":["GET"]}}],"collection":[{"href":"https:\/\/www.vbdivulg.com\/index.php\/wp-json\/wp\/v2\/product"}],"about":[{"href":"https:\/\/www.vbdivulg.com\/index.php\/wp-json\/wp\/v2\/types\/product"}],"replies":[{"embeddable":true,"href":"https:\/\/www.vbdivulg.com\/index.php\/wp-json\/wp\/v2\/comments?post=8330"}],"wp:featuredmedia":[{"embeddable":true,"href":"https:\/\/www.vbdivulg.com\/index.php\/wp-json\/wp\/v2\/media\/8331"}],"wp:attachment":[{"href":"https:\/\/www.vbdivulg.com\/index.php\/wp-json\/wp\/v2\/media?parent=8330"}],"curies":[{"name":"wp","href":"https:\/\/api.w.org\/{rel}","templated":true}]}}