{"id":8350,"date":"2023-05-15T18:11:14","date_gmt":"2023-05-15T21:11:14","guid":{"rendered":"https:\/\/www.vbdivulg.com\/?post_type=product&#038;p=8350"},"modified":"2023-05-15T18:20:54","modified_gmt":"2023-05-15T21:20:54","slug":"maquina-de-lavar-105kg-electrolux-branca-turbo-economia-jetclean-e-filtro-fiapos-lac11","status":"publish","type":"product","link":"https:\/\/www.vbdivulg.com\/index.php\/produto\/maquina-de-lavar-105kg-electrolux-branca-turbo-economia-jetclean-e-filtro-fiapos-lac11\/","title":{"rendered":"M\u00e1quina de Lavar 10,5kg Electrolux Branca Turbo Economia, Jet&#038;Clean e Filtro Fiapos (LAC11)"},"content":{"rendered":"","protected":false},"excerpt":{"rendered":"<p><strong>10,5kg\ud83d\udca6<\/strong><\/p>\n<p><strong>M\u00e1quina de Lavar 10,5kg Electrolux Branca Turbo Economia, Jet&amp;Clean e Filtro Fiapos (LAC11)<\/strong><\/p>\n<p><strong>\ud83d\udd25 Por: R$ 1.566,55 em at\u00e9 8x<\/strong><\/p>\n<h2><strong>\ud83d\udd16 *Use o cupom:* DICA5<\/strong><\/h2>\n<p><strong>\ud83d\udc49 Cadastre-se para poder ter acesso!<\/strong><br \/>\n<strong>Use o c\u00f3digo QUEROSHOPCLUB para ter acesso ao site. \u00c9 um clube de compras operado pela pr\u00f3pria Electrolux<\/strong><\/p>\n<p><strong>\u26a0\ufe0f Oferta v\u00e1lida para hoje, 15\/05\/2023, podendo encerrar a qualquer momento!!!<\/strong><\/p>\n","protected":false},"featured_media":8351,"comment_status":"open","ping_status":"closed","template":"","meta":[],"class_list":{"0":"post-8350","1":"product","2":"type-product","3":"status-publish","4":"has-post-thumbnail","6":"product_cat-eletrodomesticos","8":"first","9":"instock","10":"sale","11":"shipping-taxable","12":"product-type-external"},"_links":{"self":[{"href":"https:\/\/www.vbdivulg.com\/index.php\/wp-json\/wp\/v2\/product\/8350","targetHints":{"allow":["GET"]}}],"collection":[{"href":"https:\/\/www.vbdivulg.com\/index.php\/wp-json\/wp\/v2\/product"}],"about":[{"href":"https:\/\/www.vbdivulg.com\/index.php\/wp-json\/wp\/v2\/types\/product"}],"replies":[{"embeddable":true,"href":"https:\/\/www.vbdivulg.com\/index.php\/wp-json\/wp\/v2\/comments?post=8350"}],"wp:featuredmedia":[{"embeddable":true,"href":"https:\/\/www.vbdivulg.com\/index.php\/wp-json\/wp\/v2\/media\/8351"}],"wp:attachment":[{"href":"https:\/\/www.vbdivulg.com\/index.php\/wp-json\/wp\/v2\/media?parent=8350"}],"curies":[{"name":"wp","href":"https:\/\/api.w.org\/{rel}","templated":true}]}}