{"id":8392,"date":"2023-05-18T14:13:35","date_gmt":"2023-05-18T17:13:35","guid":{"rendered":"https:\/\/www.vbdivulg.com\/?post_type=product&#038;p=8392"},"modified":"2023-05-18T21:23:01","modified_gmt":"2023-05-19T00:23:01","slug":"kit-com-03-calcas-de-moletom-feminina-algodao-click-mais-bonita","status":"publish","type":"product","link":"https:\/\/www.vbdivulg.com\/index.php\/produto\/kit-com-03-calcas-de-moletom-feminina-algodao-click-mais-bonita\/","title":{"rendered":"Kit com 03 Cal\u00e7as de Moletom Feminina Algod\u00e3o Click Mais Bonita"},"content":{"rendered":"","protected":false},"excerpt":{"rendered":"<p><strong>Kit com 03 Cal\u00e7as de Moletom Feminina Algod\u00e3o Click Mais Bonita<\/strong><\/p>\n<p><strong>\ud83d\udd25 Por: R$ 139,00 em at\u00e9 2x<\/strong><\/p>\n<p><strong>\u26a0\ufe0fOferta v\u00e1lida para hoje, 18\/05\/2023, podendo encerrar a qualquer momento!!!<\/strong><\/p>\n<p><strong>\u2712\ufe0f Seja prime, primeiro m\u00eas \u00e9 gr\u00e1tis e pode cancelar quando quiser (inclusive no primeiro m\u00eas): <a href=\"https:\/\/amzn.to\/3xyV8G9\">https:\/\/amzn.to\/3xyV8G9<\/a><\/strong><\/p>\n","protected":false},"featured_media":8393,"comment_status":"open","ping_status":"closed","template":"","meta":[],"class_list":{"0":"post-8392","1":"product","2":"type-product","3":"status-publish","4":"has-post-thumbnail","6":"product_cat-moda-e-acessorio-feminino","8":"first","9":"instock","10":"sale","11":"shipping-taxable","12":"product-type-external"},"_links":{"self":[{"href":"https:\/\/www.vbdivulg.com\/index.php\/wp-json\/wp\/v2\/product\/8392","targetHints":{"allow":["GET"]}}],"collection":[{"href":"https:\/\/www.vbdivulg.com\/index.php\/wp-json\/wp\/v2\/product"}],"about":[{"href":"https:\/\/www.vbdivulg.com\/index.php\/wp-json\/wp\/v2\/types\/product"}],"replies":[{"embeddable":true,"href":"https:\/\/www.vbdivulg.com\/index.php\/wp-json\/wp\/v2\/comments?post=8392"}],"wp:featuredmedia":[{"embeddable":true,"href":"https:\/\/www.vbdivulg.com\/index.php\/wp-json\/wp\/v2\/media\/8393"}],"wp:attachment":[{"href":"https:\/\/www.vbdivulg.com\/index.php\/wp-json\/wp\/v2\/media?parent=8392"}],"curies":[{"name":"wp","href":"https:\/\/api.w.org\/{rel}","templated":true}]}}