{"id":8427,"date":"2023-05-22T11:36:32","date_gmt":"2023-05-22T14:36:32","guid":{"rendered":"https:\/\/www.vbdivulg.com\/?post_type=product&#038;p=8427"},"modified":"2023-05-22T11:36:32","modified_gmt":"2023-05-22T14:36:32","slug":"mala-de-viagem-sestini-360o-prata-23kg-tamanho-grande","status":"publish","type":"product","link":"https:\/\/www.vbdivulg.com\/index.php\/produto\/mala-de-viagem-sestini-360o-prata-23kg-tamanho-grande\/","title":{"rendered":"Mala de Viagem Sestini, 360o, prata, 23kg, Tamanho Grande"},"content":{"rendered":"","protected":false},"excerpt":{"rendered":"<p><strong>Produzida em ABS \u2708\ufe0f Do tamanho grande!<\/strong><\/p>\n<p><strong>Mala de Viagem Sestini, 360o, prata, 23kg, Tamanho Grande<\/strong><\/p>\n<p><strong>\ud83d\udd25R$ 399,28 em at\u00e9 7x<\/strong><\/p>\n<p><strong>\u26a0\ufe0f Oferta v\u00e1lida para hoje, 22\/05\/2023, podendo encerrar a qualquer momento!!!<\/strong><\/p>\n<p><strong>\u2712\ufe0f Seja prime, primeiro m\u00eas \u00e9 gr\u00e1tis e pode cancelar quando quiser (inclusive no primeiro m\u00eas): <a href=\"https:\/\/amzn.to\/3xyV8G9\">https:\/\/amzn.to\/3xyV8G9<\/a><\/strong><\/p>\n","protected":false},"featured_media":8428,"comment_status":"open","ping_status":"closed","template":"","meta":[],"class_list":{"0":"post-8427","1":"product","2":"type-product","3":"status-publish","4":"has-post-thumbnail","6":"product_cat-malas","8":"first","9":"instock","10":"sale","11":"shipping-taxable","12":"product-type-external"},"_links":{"self":[{"href":"https:\/\/www.vbdivulg.com\/index.php\/wp-json\/wp\/v2\/product\/8427","targetHints":{"allow":["GET"]}}],"collection":[{"href":"https:\/\/www.vbdivulg.com\/index.php\/wp-json\/wp\/v2\/product"}],"about":[{"href":"https:\/\/www.vbdivulg.com\/index.php\/wp-json\/wp\/v2\/types\/product"}],"replies":[{"embeddable":true,"href":"https:\/\/www.vbdivulg.com\/index.php\/wp-json\/wp\/v2\/comments?post=8427"}],"wp:featuredmedia":[{"embeddable":true,"href":"https:\/\/www.vbdivulg.com\/index.php\/wp-json\/wp\/v2\/media\/8428"}],"wp:attachment":[{"href":"https:\/\/www.vbdivulg.com\/index.php\/wp-json\/wp\/v2\/media?parent=8427"}],"curies":[{"name":"wp","href":"https:\/\/api.w.org\/{rel}","templated":true}]}}