{"id":8442,"date":"2023-05-23T13:00:33","date_gmt":"2023-05-23T16:00:33","guid":{"rendered":"https:\/\/www.vbdivulg.com\/?post_type=product&#038;p=8442"},"modified":"2023-05-23T13:01:30","modified_gmt":"2023-05-23T16:01:30","slug":"cadeira-gamer-thunderx3-ec3-vermelha","status":"publish","type":"product","link":"https:\/\/www.vbdivulg.com\/index.php\/produto\/cadeira-gamer-thunderx3-ec3-vermelha\/","title":{"rendered":"Cadeira Gamer, ThunderX3, EC3, Vermelha"},"content":{"rendered":"","protected":false},"excerpt":{"rendered":"<p><strong>Cadeira Gamer, ThunderX3, EC3, Vermelha<\/strong><\/p>\n<p><strong>\ud83d\udd25 Por: R$ 1.099,90 em at\u00e9 10x<\/strong><\/p>\n<p><strong>\u26a0\ufe0f Oferta v\u00e1lida para hoje, 23\/05\/2023, podendo encerrar a qualquer momento!!!<\/strong><\/p>\n<p><strong>\u2712\ufe0f Seja prime, primeiro m\u00eas \u00e9 gr\u00e1tis e pode cancelar quando quiser (inclusive no primeiro m\u00eas): <a href=\"https:\/\/amzn.to\/3xyV8G9\">https:\/\/amzn.to\/3xyV8G9<\/a><\/strong><\/p>\n","protected":false},"featured_media":8443,"comment_status":"open","ping_status":"closed","template":"","meta":[],"class_list":{"0":"post-8442","1":"product","2":"type-product","3":"status-publish","4":"has-post-thumbnail","6":"product_cat-informatica","8":"first","9":"instock","10":"sale","11":"shipping-taxable","12":"product-type-external"},"_links":{"self":[{"href":"https:\/\/www.vbdivulg.com\/index.php\/wp-json\/wp\/v2\/product\/8442","targetHints":{"allow":["GET"]}}],"collection":[{"href":"https:\/\/www.vbdivulg.com\/index.php\/wp-json\/wp\/v2\/product"}],"about":[{"href":"https:\/\/www.vbdivulg.com\/index.php\/wp-json\/wp\/v2\/types\/product"}],"replies":[{"embeddable":true,"href":"https:\/\/www.vbdivulg.com\/index.php\/wp-json\/wp\/v2\/comments?post=8442"}],"wp:featuredmedia":[{"embeddable":true,"href":"https:\/\/www.vbdivulg.com\/index.php\/wp-json\/wp\/v2\/media\/8443"}],"wp:attachment":[{"href":"https:\/\/www.vbdivulg.com\/index.php\/wp-json\/wp\/v2\/media?parent=8442"}],"curies":[{"name":"wp","href":"https:\/\/api.w.org\/{rel}","templated":true}]}}