{"id":8448,"date":"2023-05-25T11:18:10","date_gmt":"2023-05-25T14:18:10","guid":{"rendered":"https:\/\/www.vbdivulg.com\/?post_type=product&#038;p=8448"},"modified":"2024-03-21T16:57:18","modified_gmt":"2024-03-21T19:57:18","slug":"redken-kit-all-soft-shampoo-300ml-all-soft-mascara-250ml-leave-in-redken-one-united-150ml-shampoo-proprociona-brilho-e-cabelos-sedosos-mascara-hidratante-anti-frizz-leave-in-multibeneficios","status":"publish","type":"product","link":"https:\/\/www.vbdivulg.com\/index.php\/produto\/redken-kit-all-soft-shampoo-300ml-all-soft-mascara-250ml-leave-in-redken-one-united-150ml-shampoo-proprociona-brilho-e-cabelos-sedosos-mascara-hidratante-anti-frizz-leave-in-multibeneficios\/","title":{"rendered":"Redken Kit All Soft Shampoo 300ml + All Soft M\u00e1scara 250ml + Leave-in Redken One United 150ml | Shampoo Proprociona Brilho e Cabelos Sedosos | M\u00e1scara Hidratante Anti-frizz | Leave-in Multibenef\u00edcios"},"content":{"rendered":"","protected":false},"excerpt":{"rendered":"<p><strong>Redken Kit All Soft Shampoo 300ml + All Soft M\u00e1scara 250ml + Leave-in Redken One United 150ml | Shampoo Proprociona Brilho e Cabelos Sedosos | M\u00e1scara Hidratante Anti-frizz | Leave-in Multibenef\u00edcios<\/strong><\/p>\n<p><strong>\ud83d\udd25 Por: R$ 219,90 em at\u00e9 4x<\/strong><\/p>\n<p><strong>\u26a0\ufe0fOferta v\u00e1lida para hoje, 25\/05\/2023, podendo encerrar a qualquer momento!!!<\/strong><\/p>\n<p><strong>\u2712\ufe0f Seja prime, primeiro m\u00eas \u00e9 gr\u00e1tis e pode cancelar quando quiser (inclusive no primeiro m\u00eas): <a href=\"https:\/\/amzn.to\/3xyV8G9\">https:\/\/amzn.to\/3xyV8G9<\/a><\/strong><\/p>\n","protected":false},"featured_media":8449,"comment_status":"open","ping_status":"closed","template":"","meta":[],"class_list":{"0":"post-8448","1":"product","2":"type-product","3":"status-publish","4":"has-post-thumbnail","6":"product_cat-beleza","8":"first","9":"instock","10":"sale","11":"shipping-taxable","12":"product-type-external"},"_links":{"self":[{"href":"https:\/\/www.vbdivulg.com\/index.php\/wp-json\/wp\/v2\/product\/8448","targetHints":{"allow":["GET"]}}],"collection":[{"href":"https:\/\/www.vbdivulg.com\/index.php\/wp-json\/wp\/v2\/product"}],"about":[{"href":"https:\/\/www.vbdivulg.com\/index.php\/wp-json\/wp\/v2\/types\/product"}],"replies":[{"embeddable":true,"href":"https:\/\/www.vbdivulg.com\/index.php\/wp-json\/wp\/v2\/comments?post=8448"}],"wp:featuredmedia":[{"embeddable":true,"href":"https:\/\/www.vbdivulg.com\/index.php\/wp-json\/wp\/v2\/media\/8449"}],"wp:attachment":[{"href":"https:\/\/www.vbdivulg.com\/index.php\/wp-json\/wp\/v2\/media?parent=8448"}],"curies":[{"name":"wp","href":"https:\/\/api.w.org\/{rel}","templated":true}]}}