{"id":8450,"date":"2023-05-25T11:20:19","date_gmt":"2023-05-25T14:20:19","guid":{"rendered":"https:\/\/www.vbdivulg.com\/?post_type=product&#038;p=8450"},"modified":"2023-05-25T11:20:19","modified_gmt":"2023-05-25T14:20:19","slug":"loreal-prof-absolut-repair-gold-quinoaprotein-masc-cap-500","status":"publish","type":"product","link":"https:\/\/www.vbdivulg.com\/index.php\/produto\/loreal-prof-absolut-repair-gold-quinoaprotein-masc-cap-500\/","title":{"rendered":"L`Or\u00e9al Prof Absolut Repair Gold Quinoa+Protein-M\u00e1sc Cap 500"},"content":{"rendered":"","protected":false},"excerpt":{"rendered":"<p><strong>L`Or\u00e9al Prof Absolut Repair Gold Quinoa+Protein-M\u00e1sc Cap 500<\/strong><\/p>\n<p><strong>\ud83d\udd25 Por: R$ 139,90 em at\u00e9 2x<\/strong><\/p>\n<p><strong>\u26a0\ufe0fOferta v\u00e1lida para hoje, 25\/05\/2023, podendo encerrar a qualquer momento!!!<\/strong><\/p>\n","protected":false},"featured_media":8451,"comment_status":"open","ping_status":"closed","template":"","meta":[],"class_list":{"0":"post-8450","1":"product","2":"type-product","3":"status-publish","4":"has-post-thumbnail","6":"product_cat-cosmeticos","8":"first","9":"instock","10":"sale","11":"shipping-taxable","12":"product-type-external"},"_links":{"self":[{"href":"https:\/\/www.vbdivulg.com\/index.php\/wp-json\/wp\/v2\/product\/8450","targetHints":{"allow":["GET"]}}],"collection":[{"href":"https:\/\/www.vbdivulg.com\/index.php\/wp-json\/wp\/v2\/product"}],"about":[{"href":"https:\/\/www.vbdivulg.com\/index.php\/wp-json\/wp\/v2\/types\/product"}],"replies":[{"embeddable":true,"href":"https:\/\/www.vbdivulg.com\/index.php\/wp-json\/wp\/v2\/comments?post=8450"}],"wp:featuredmedia":[{"embeddable":true,"href":"https:\/\/www.vbdivulg.com\/index.php\/wp-json\/wp\/v2\/media\/8451"}],"wp:attachment":[{"href":"https:\/\/www.vbdivulg.com\/index.php\/wp-json\/wp\/v2\/media?parent=8450"}],"curies":[{"name":"wp","href":"https:\/\/api.w.org\/{rel}","templated":true}]}}