{"id":8485,"date":"2023-05-26T08:44:52","date_gmt":"2023-05-26T11:44:52","guid":{"rendered":"https:\/\/www.vbdivulg.com\/?post_type=product&#038;p=8485"},"modified":"2023-05-26T08:44:52","modified_gmt":"2023-05-26T11:44:52","slug":"smart-tv-philco-50-ptv50g70sblsg-ultra-hd-4k-tela-infinita-quadcore-e-app-store","status":"publish","type":"product","link":"https:\/\/www.vbdivulg.com\/index.php\/produto\/smart-tv-philco-50-ptv50g70sblsg-ultra-hd-4k-tela-infinita-quadcore-e-app-store\/","title":{"rendered":"Smart TV Philco 50&#8243; PTV50G70SBLSG Ultra HD 4K Tela Infinita Quadcore e App Store"},"content":{"rendered":"","protected":false},"excerpt":{"rendered":"<p><strong>Oportunidade para quem quer parcelar \ud83d\ude09<\/strong><\/p>\n<p><strong>Smart TV Philco 50&#8243; PTV50G70SBLSG Ultra HD 4K Tela Infinita Quadcore e App Store<\/strong><\/p>\n<p><strong>\ud83d\udd25R$ 1.999,00 em at\u00e9 10x<\/strong><\/p>\n<p><strong>\u26a0\ufe0f Oferta v\u00e1lida para hoje, 26\/05\/2023, podendo encerrar a qualquer momento!!!<\/strong><\/p>\n<p><strong>\u2712\ufe0f Seja prime, primeiro m\u00eas \u00e9 gr\u00e1tis e pode cancelar quando quiser (inclusive no primeiro m\u00eas): <a href=\"https:\/\/amzn.to\/3xyV8G9\">https:\/\/amzn.to\/3xyV8G9<\/a><\/strong><\/p>\n","protected":false},"featured_media":8487,"comment_status":"open","ping_status":"closed","template":"","meta":[],"class_list":{"0":"post-8485","1":"product","2":"type-product","3":"status-publish","4":"has-post-thumbnail","6":"product_cat-eletrodomesticos","8":"first","9":"instock","10":"sale","11":"shipping-taxable","12":"product-type-external"},"_links":{"self":[{"href":"https:\/\/www.vbdivulg.com\/index.php\/wp-json\/wp\/v2\/product\/8485","targetHints":{"allow":["GET"]}}],"collection":[{"href":"https:\/\/www.vbdivulg.com\/index.php\/wp-json\/wp\/v2\/product"}],"about":[{"href":"https:\/\/www.vbdivulg.com\/index.php\/wp-json\/wp\/v2\/types\/product"}],"replies":[{"embeddable":true,"href":"https:\/\/www.vbdivulg.com\/index.php\/wp-json\/wp\/v2\/comments?post=8485"}],"wp:featuredmedia":[{"embeddable":true,"href":"https:\/\/www.vbdivulg.com\/index.php\/wp-json\/wp\/v2\/media\/8487"}],"wp:attachment":[{"href":"https:\/\/www.vbdivulg.com\/index.php\/wp-json\/wp\/v2\/media?parent=8485"}],"curies":[{"name":"wp","href":"https:\/\/api.w.org\/{rel}","templated":true}]}}