{"id":8518,"date":"2023-05-29T10:26:06","date_gmt":"2023-05-29T13:26:06","guid":{"rendered":"https:\/\/www.vbdivulg.com\/?post_type=product&#038;p=8518"},"modified":"2023-05-29T10:26:06","modified_gmt":"2023-05-29T13:26:06","slug":"fralda-huggies-natural-care-rn-34-unidades-p-36-unidades-m-32-unidades","status":"publish","type":"product","link":"https:\/\/www.vbdivulg.com\/index.php\/produto\/fralda-huggies-natural-care-rn-34-unidades-p-36-unidades-m-32-unidades\/","title":{"rendered":"Fralda Huggies NATURAL CARE RN 34 unidades\/ P 36 unidades \/ M 32 unidades"},"content":{"rendered":"","protected":false},"excerpt":{"rendered":"<p><strong>Vers\u00e3o Natural Care, \u00e9 Huggies \ud83e\udd0d\u2764\ufe0f<\/strong><\/p>\n<p><strong>Fralda Huggies NATURAL CARE RN 34 unidades\/ P 36 unidades \/ M 32 unidades<\/strong><\/p>\n<p><strong>\ud83d\udd25A partir de: R$ 29,99 \u00e0 vista<\/strong><\/p>\n<p><strong>\u26a0\ufe0fOferta v\u00e1lida para hoje, 29\/05\/2023, podendo encerrar a qualquer momento!!!<\/strong><\/p>\n<p><strong>\u2712\ufe0f Seja prime, primeiro m\u00eas \u00e9 gr\u00e1tis e pode cancelar quando quiser (inclusive no primeiro m\u00eas): <a href=\"https:\/\/amzn.to\/3xyV8G9\">https:\/\/amzn.to\/3xyV8G9<\/a><\/strong><\/p>\n","protected":false},"featured_media":8519,"comment_status":"open","ping_status":"closed","template":"","meta":[],"class_list":{"0":"post-8518","1":"product","2":"type-product","3":"status-publish","4":"has-post-thumbnail","6":"product_cat-bebes","8":"first","9":"instock","10":"sale","11":"shipping-taxable","12":"product-type-external"},"_links":{"self":[{"href":"https:\/\/www.vbdivulg.com\/index.php\/wp-json\/wp\/v2\/product\/8518","targetHints":{"allow":["GET"]}}],"collection":[{"href":"https:\/\/www.vbdivulg.com\/index.php\/wp-json\/wp\/v2\/product"}],"about":[{"href":"https:\/\/www.vbdivulg.com\/index.php\/wp-json\/wp\/v2\/types\/product"}],"replies":[{"embeddable":true,"href":"https:\/\/www.vbdivulg.com\/index.php\/wp-json\/wp\/v2\/comments?post=8518"}],"wp:featuredmedia":[{"embeddable":true,"href":"https:\/\/www.vbdivulg.com\/index.php\/wp-json\/wp\/v2\/media\/8519"}],"wp:attachment":[{"href":"https:\/\/www.vbdivulg.com\/index.php\/wp-json\/wp\/v2\/media?parent=8518"}],"curies":[{"name":"wp","href":"https:\/\/api.w.org\/{rel}","templated":true}]}}