{"id":8566,"date":"2023-06-01T08:49:07","date_gmt":"2023-06-01T11:49:07","guid":{"rendered":"https:\/\/www.vbdivulg.com\/?post_type=product&#038;p=8566"},"modified":"2023-06-01T08:50:15","modified_gmt":"2023-06-01T11:50:15","slug":"forno-micro-ondas-20l-preto-midea-220v-mras22","status":"publish","type":"product","link":"https:\/\/www.vbdivulg.com\/index.php\/produto\/forno-micro-ondas-20l-preto-midea-220v-mras22\/","title":{"rendered":"Forno Micro-ondas 20L Preto Midea 220V MRAS22"},"content":{"rendered":"","protected":false},"excerpt":{"rendered":"<p><strong>20 Litros\u2757\ufe0f<\/strong><\/p>\n<p><strong>Forno Micro-ondas 20L Preto Midea 220V MRAS22<\/strong><\/p>\n<p><strong>\ud83d\udd25 Por: R$ 485,50 \u00e0 vista<\/strong><br \/>\n<strong>\ud83d\udd25 Por: R$ 539,44 em at\u00e9 10x<\/strong><\/p>\n<p><strong>\u26a0\ufe0fOferta v\u00e1lida para hoje, 01\/06\/2023, podendo encerrar a qualquer momento!!!<\/strong><\/p>\n<p><strong>\u2712\ufe0f Seja prime, primeiro m\u00eas \u00e9 gr\u00e1tis e pode cancelar quando quiser (inclusive no primeiro m\u00eas): <a href=\"https:\/\/amzn.to\/3xyV8G9\">https:\/\/amzn.to\/3xyV8G9<\/a><\/strong><\/p>\n","protected":false},"featured_media":8567,"comment_status":"open","ping_status":"closed","template":"","meta":[],"class_list":{"0":"post-8566","1":"product","2":"type-product","3":"status-publish","4":"has-post-thumbnail","6":"product_cat-eletrodomesticos","8":"first","9":"instock","10":"sale","11":"shipping-taxable","12":"product-type-external"},"_links":{"self":[{"href":"https:\/\/www.vbdivulg.com\/index.php\/wp-json\/wp\/v2\/product\/8566","targetHints":{"allow":["GET"]}}],"collection":[{"href":"https:\/\/www.vbdivulg.com\/index.php\/wp-json\/wp\/v2\/product"}],"about":[{"href":"https:\/\/www.vbdivulg.com\/index.php\/wp-json\/wp\/v2\/types\/product"}],"replies":[{"embeddable":true,"href":"https:\/\/www.vbdivulg.com\/index.php\/wp-json\/wp\/v2\/comments?post=8566"}],"wp:featuredmedia":[{"embeddable":true,"href":"https:\/\/www.vbdivulg.com\/index.php\/wp-json\/wp\/v2\/media\/8567"}],"wp:attachment":[{"href":"https:\/\/www.vbdivulg.com\/index.php\/wp-json\/wp\/v2\/media?parent=8566"}],"curies":[{"name":"wp","href":"https:\/\/api.w.org\/{rel}","templated":true}]}}