{"id":8640,"date":"2023-06-13T11:27:36","date_gmt":"2023-06-13T14:27:36","guid":{"rendered":"https:\/\/www.vbdivulg.com\/?post_type=product&#038;p=8640"},"modified":"2023-06-13T11:27:36","modified_gmt":"2023-06-13T14:27:36","slug":"slip-on-santa-lolla-lona-basico-feminino","status":"publish","type":"product","link":"https:\/\/www.vbdivulg.com\/index.php\/produto\/slip-on-santa-lolla-lona-basico-feminino\/","title":{"rendered":"Slip On Santa Lolla Lona B\u00e1sico Feminino"},"content":{"rendered":"","protected":false},"excerpt":{"rendered":"<p><strong>Slip On Santa Lolla Lona B\u00e1sico Feminino<\/strong><\/p>\n<p><strong>\ud83d\udd25 Por: R$ 71,99 \u00e0 vista<\/strong><\/p>\n<p><strong>\ud83d\uddd3 Oferta v\u00e1lida para hoje, 13\/06\/2023, podendo encerrar a qualquer momento!!!<\/strong><\/p>\n<p><strong>\u26a0\ufe0f*Ofertas sujeitas a altera\u00e7\u00e3o de pre\u00e7o, condi\u00e7\u00f5es de pagamento e disponibilidade, sem aviso pr\u00e9vio.*<\/strong><\/p>\n","protected":false},"featured_media":8641,"comment_status":"open","ping_status":"closed","template":"","meta":[],"class_list":{"0":"post-8640","1":"product","2":"type-product","3":"status-publish","4":"has-post-thumbnail","6":"product_cat-calcados-feminino","8":"first","9":"instock","10":"sale","11":"shipping-taxable","12":"product-type-external"},"_links":{"self":[{"href":"https:\/\/www.vbdivulg.com\/index.php\/wp-json\/wp\/v2\/product\/8640","targetHints":{"allow":["GET"]}}],"collection":[{"href":"https:\/\/www.vbdivulg.com\/index.php\/wp-json\/wp\/v2\/product"}],"about":[{"href":"https:\/\/www.vbdivulg.com\/index.php\/wp-json\/wp\/v2\/types\/product"}],"replies":[{"embeddable":true,"href":"https:\/\/www.vbdivulg.com\/index.php\/wp-json\/wp\/v2\/comments?post=8640"}],"wp:featuredmedia":[{"embeddable":true,"href":"https:\/\/www.vbdivulg.com\/index.php\/wp-json\/wp\/v2\/media\/8641"}],"wp:attachment":[{"href":"https:\/\/www.vbdivulg.com\/index.php\/wp-json\/wp\/v2\/media?parent=8640"}],"curies":[{"name":"wp","href":"https:\/\/api.w.org\/{rel}","templated":true}]}}