{"id":8735,"date":"2023-07-13T10:33:30","date_gmt":"2023-07-13T13:33:30","guid":{"rendered":"https:\/\/www.vbdivulg.com\/?post_type=product&#038;p=8735"},"modified":"2023-07-13T10:33:30","modified_gmt":"2023-07-13T13:33:30","slug":"aspirador-de-po-robo-mondial-pratic-clean-bivolt-cinza-preto-30w-rb-11","status":"publish","type":"product","link":"https:\/\/www.vbdivulg.com\/index.php\/produto\/aspirador-de-po-robo-mondial-pratic-clean-bivolt-cinza-preto-30w-rb-11\/","title":{"rendered":"Aspirador de P\u00f3 Rob\u00f4 Mondial, Pratic Clean, Bivolt, Cinza\/Preto, 30W &#8211; RB-11"},"content":{"rendered":"","protected":false},"excerpt":{"rendered":"<p><strong>Aspirador de P\u00f3 Rob\u00f4 Mondial, Pratic Clean, Bivolt, Cinza\/Preto, 30W &#8211; RB-11<\/strong><\/p>\n<p><strong>\ud83d\udd25 R$ 389,90 parcelado<\/strong><\/p>\n<p><strong>\ud83d\uddd3 Oferta v\u00e1lida para hoje, 13\/07\/2023, podendo encerrar a qualquer momento!!!<\/strong><\/p>\n<p><strong>\u2712\ufe0f Seja prime, primeiro m\u00eas \u00e9 gr\u00e1tis e pode cancelar quando quiser (inclusive no primeiro m\u00eas): <a href=\"https:\/\/amzn.to\/3xyV8G9\">https:\/\/amzn.to\/3xyV8G9<\/a><\/strong><\/p>\n","protected":false},"featured_media":8736,"comment_status":"open","ping_status":"closed","template":"","meta":[],"class_list":{"0":"post-8735","1":"product","2":"type-product","3":"status-publish","4":"has-post-thumbnail","6":"product_cat-eletroportateis","8":"first","9":"instock","10":"sale","11":"shipping-taxable","12":"product-type-external"},"_links":{"self":[{"href":"https:\/\/www.vbdivulg.com\/index.php\/wp-json\/wp\/v2\/product\/8735","targetHints":{"allow":["GET"]}}],"collection":[{"href":"https:\/\/www.vbdivulg.com\/index.php\/wp-json\/wp\/v2\/product"}],"about":[{"href":"https:\/\/www.vbdivulg.com\/index.php\/wp-json\/wp\/v2\/types\/product"}],"replies":[{"embeddable":true,"href":"https:\/\/www.vbdivulg.com\/index.php\/wp-json\/wp\/v2\/comments?post=8735"}],"wp:featuredmedia":[{"embeddable":true,"href":"https:\/\/www.vbdivulg.com\/index.php\/wp-json\/wp\/v2\/media\/8736"}],"wp:attachment":[{"href":"https:\/\/www.vbdivulg.com\/index.php\/wp-json\/wp\/v2\/media?parent=8735"}],"curies":[{"name":"wp","href":"https:\/\/api.w.org\/{rel}","templated":true}]}}