{"id":8745,"date":"2023-07-13T11:07:48","date_gmt":"2023-07-13T14:07:48","guid":{"rendered":"https:\/\/www.vbdivulg.com\/?post_type=product&#038;p=8745"},"modified":"2023-07-13T11:07:48","modified_gmt":"2023-07-13T14:07:48","slug":"tenis-hawk-4-mizuno-masculino","status":"publish","type":"product","link":"https:\/\/www.vbdivulg.com\/index.php\/produto\/tenis-hawk-4-mizuno-masculino\/","title":{"rendered":"T\u00eanis Hawk 4, Mizuno, masculino"},"content":{"rendered":"","protected":false},"excerpt":{"rendered":"<p><strong>Mizuno Hawk 4 \ud83d\udd1d<\/strong><\/p>\n<p><strong>T\u00eanis Hawk 4, Mizuno, masculino<\/strong><\/p>\n<p><strong>\ud83d\udd25 Por: R$ 209,90 em at\u00e9 4x<\/strong><\/p>\n<p><strong>\u00a0\ud83d\uddd3 Oferta v\u00e1lida para hoje, 13\/07\/2023, podendo encerrar a qualquer momento!!!<\/strong><\/p>\n<p><strong>\u00a0\u2712\ufe0f Seja prime, primeiro m\u00eas \u00e9 gr\u00e1tis e pode cancelar quando quiser (inclusive no primeiro m\u00eas): <a href=\"https:\/\/amzn.to\/3xyV8G9\">https:\/\/amzn.to\/3xyV8G9<\/a><\/strong><\/p>\n","protected":false},"featured_media":8746,"comment_status":"open","ping_status":"closed","template":"","meta":[],"class_list":{"0":"post-8745","1":"product","2":"type-product","3":"status-publish","4":"has-post-thumbnail","6":"product_cat-esporte","8":"first","9":"instock","10":"sale","11":"shipping-taxable","12":"product-type-external"},"_links":{"self":[{"href":"https:\/\/www.vbdivulg.com\/index.php\/wp-json\/wp\/v2\/product\/8745","targetHints":{"allow":["GET"]}}],"collection":[{"href":"https:\/\/www.vbdivulg.com\/index.php\/wp-json\/wp\/v2\/product"}],"about":[{"href":"https:\/\/www.vbdivulg.com\/index.php\/wp-json\/wp\/v2\/types\/product"}],"replies":[{"embeddable":true,"href":"https:\/\/www.vbdivulg.com\/index.php\/wp-json\/wp\/v2\/comments?post=8745"}],"wp:featuredmedia":[{"embeddable":true,"href":"https:\/\/www.vbdivulg.com\/index.php\/wp-json\/wp\/v2\/media\/8746"}],"wp:attachment":[{"href":"https:\/\/www.vbdivulg.com\/index.php\/wp-json\/wp\/v2\/media?parent=8745"}],"curies":[{"name":"wp","href":"https:\/\/api.w.org\/{rel}","templated":true}]}}