{"id":8749,"date":"2023-07-13T12:24:09","date_gmt":"2023-07-13T15:24:09","guid":{"rendered":"https:\/\/www.vbdivulg.com\/?post_type=product&#038;p=8749"},"modified":"2023-07-13T12:24:09","modified_gmt":"2023-07-13T15:24:09","slug":"oculos-de-sol-ray-ban-rb3503l-006-71-64","status":"publish","type":"product","link":"https:\/\/www.vbdivulg.com\/index.php\/produto\/oculos-de-sol-ray-ban-rb3503l-006-71-64\/","title":{"rendered":"\u00d3culos de Sol Ray-Ban RB3503L 006\/71-64"},"content":{"rendered":"","protected":false},"excerpt":{"rendered":"<p><strong>Ray-Ban! PRE\u00c7\u00c3O \ud83d\ude2e<\/strong><\/p>\n<p><strong>\u00d3culos de Sol Ray-Ban RB3503L 006\/71-64<\/strong><\/p>\n<p><strong>\ud83d\udd25R$ 369,00 em at\u00e9 7x<\/strong><\/p>\n<p><strong>\ud83d\uddd3 Oferta v\u00e1lida para hoje, 13\/07\/2023, podendo encerrar a qualquer momento!!!<\/strong><\/p>\n<p><strong>\u2712\ufe0f Seja prime, primeiro m\u00eas \u00e9 gr\u00e1tis e pode cancelar quando quiser (inclusive no primeiro m\u00eas): <a href=\"https:\/\/amzn.to\/3xyV8G9\">https:\/\/amzn.to\/3xyV8G9<\/a><\/strong><\/p>\n","protected":false},"featured_media":8750,"comment_status":"open","ping_status":"closed","template":"","meta":[],"class_list":{"0":"post-8749","1":"product","2":"type-product","3":"status-publish","4":"has-post-thumbnail","6":"product_cat-oculos","8":"first","9":"instock","10":"sale","11":"shipping-taxable","12":"product-type-external"},"_links":{"self":[{"href":"https:\/\/www.vbdivulg.com\/index.php\/wp-json\/wp\/v2\/product\/8749","targetHints":{"allow":["GET"]}}],"collection":[{"href":"https:\/\/www.vbdivulg.com\/index.php\/wp-json\/wp\/v2\/product"}],"about":[{"href":"https:\/\/www.vbdivulg.com\/index.php\/wp-json\/wp\/v2\/types\/product"}],"replies":[{"embeddable":true,"href":"https:\/\/www.vbdivulg.com\/index.php\/wp-json\/wp\/v2\/comments?post=8749"}],"wp:featuredmedia":[{"embeddable":true,"href":"https:\/\/www.vbdivulg.com\/index.php\/wp-json\/wp\/v2\/media\/8750"}],"wp:attachment":[{"href":"https:\/\/www.vbdivulg.com\/index.php\/wp-json\/wp\/v2\/media?parent=8749"}],"curies":[{"name":"wp","href":"https:\/\/api.w.org\/{rel}","templated":true}]}}