{"id":8932,"date":"2023-07-31T12:33:27","date_gmt":"2023-07-31T15:33:27","guid":{"rendered":"https:\/\/www.vbdivulg.com\/?post_type=product&#038;p=8932"},"modified":"2023-09-20T17:46:04","modified_gmt":"2023-09-20T20:46:04","slug":"champion-sports-bola-de-basquete-de-nylon-resistente-oficial","status":"publish","type":"product","link":"https:\/\/www.vbdivulg.com\/index.php\/produto\/champion-sports-bola-de-basquete-de-nylon-resistente-oficial\/","title":{"rendered":"Champion Sports Bola de basquete de nylon resistente oficial"},"content":{"rendered":"","protected":false},"excerpt":{"rendered":"<p><strong>\u26f9\ufe0f\u200d\u2640\ufe0f\ud83c\udfc0 Para a Garotada que \u00e9 f\u00e3 de Basquete\u203c\ufe0f<\/strong><\/p>\n<p><strong>Champion Sports Bola de basquete de nylon resistente oficial<\/strong><\/p>\n<p><strong>\ud83d\udd25 R$ 68,48<\/strong><\/p>\n<p><strong>\u26a0\ufe0f Oferta v\u00e1lida para hoje, 31\/07\/2023, podendo encerrar a qualquer momento!!!<\/strong><\/p>\n<p><strong>\u2712\ufe0f Seja prime, primeiro m\u00eas \u00e9 gr\u00e1tis e pode cancelar quando quiser (inclusive no primeiro m\u00eas): <a href=\"https:\/\/amzn.to\/3xyV8G9\">https:\/\/amzn.to\/3xyV8G9<\/a><\/strong><\/p>\n","protected":false},"featured_media":8933,"comment_status":"open","ping_status":"closed","template":"","meta":[],"class_list":{"0":"post-8932","1":"product","2":"type-product","3":"status-publish","4":"has-post-thumbnail","6":"product_cat-esporte","8":"first","9":"instock","10":"sale","11":"shipping-taxable","12":"product-type-external"},"_links":{"self":[{"href":"https:\/\/www.vbdivulg.com\/index.php\/wp-json\/wp\/v2\/product\/8932","targetHints":{"allow":["GET"]}}],"collection":[{"href":"https:\/\/www.vbdivulg.com\/index.php\/wp-json\/wp\/v2\/product"}],"about":[{"href":"https:\/\/www.vbdivulg.com\/index.php\/wp-json\/wp\/v2\/types\/product"}],"replies":[{"embeddable":true,"href":"https:\/\/www.vbdivulg.com\/index.php\/wp-json\/wp\/v2\/comments?post=8932"}],"wp:featuredmedia":[{"embeddable":true,"href":"https:\/\/www.vbdivulg.com\/index.php\/wp-json\/wp\/v2\/media\/8933"}],"wp:attachment":[{"href":"https:\/\/www.vbdivulg.com\/index.php\/wp-json\/wp\/v2\/media?parent=8932"}],"curies":[{"name":"wp","href":"https:\/\/api.w.org\/{rel}","templated":true}]}}