{"id":9013,"date":"2023-09-10T21:25:59","date_gmt":"2023-09-11T00:25:59","guid":{"rendered":"https:\/\/www.vbdivulg.com\/?post_type=product&#038;p=9013"},"modified":"2024-07-08T17:00:57","modified_gmt":"2024-07-08T20:00:57","slug":"jogo-de-toalhas-de-banho-karsten-otto-azul-e-allure-3-pecas","status":"publish","type":"product","link":"https:\/\/www.vbdivulg.com\/index.php\/produto\/jogo-de-toalhas-de-banho-karsten-otto-azul-e-allure-3-pecas\/","title":{"rendered":"Jogo de Toalhas de Banho Karsten Otto &#8211; Azul e Allure 3 Pe\u00e7as"},"content":{"rendered":"","protected":false},"excerpt":{"rendered":"<p><strong>\ud83d\ude09 S\u00e3o 3 pe\u00e7as\u2757\ufe0f<\/strong><\/p>\n<p><strong>Jogo de Toalhas de Banho Karsten Otto &#8211; Azul e Allure 3 Pe\u00e7as<\/strong><\/p>\n<p><strong>\ud83d\udd25A partir de R$ 73,40<\/strong><\/p>\n<p><strong>\u26a0\ufe0f Oferta v\u00e1lida para hoje, 10\/09\/2023, podendo encerrar a qualquer momento!!!<\/strong><\/p>\n<p><strong>\ud83d\ude9b Retire na loja e N\u00c3O pague o frete (Consulte disponibilidade para seu cep) op\u00e7\u00e3o na tela de pagamento!!!<\/strong><\/p>\n","protected":false},"featured_media":9014,"comment_status":"open","ping_status":"closed","template":"","meta":[],"class_list":{"0":"post-9013","1":"product","2":"type-product","3":"status-publish","4":"has-post-thumbnail","6":"product_cat-cama-mesa-e-banho","8":"first","9":"instock","10":"sale","11":"shipping-taxable","12":"product-type-external"},"_links":{"self":[{"href":"https:\/\/www.vbdivulg.com\/index.php\/wp-json\/wp\/v2\/product\/9013","targetHints":{"allow":["GET"]}}],"collection":[{"href":"https:\/\/www.vbdivulg.com\/index.php\/wp-json\/wp\/v2\/product"}],"about":[{"href":"https:\/\/www.vbdivulg.com\/index.php\/wp-json\/wp\/v2\/types\/product"}],"replies":[{"embeddable":true,"href":"https:\/\/www.vbdivulg.com\/index.php\/wp-json\/wp\/v2\/comments?post=9013"}],"wp:featuredmedia":[{"embeddable":true,"href":"https:\/\/www.vbdivulg.com\/index.php\/wp-json\/wp\/v2\/media\/9014"}],"wp:attachment":[{"href":"https:\/\/www.vbdivulg.com\/index.php\/wp-json\/wp\/v2\/media?parent=9013"}],"curies":[{"name":"wp","href":"https:\/\/api.w.org\/{rel}","templated":true}]}}