{"id":9015,"date":"2023-09-10T22:06:43","date_gmt":"2023-09-11T01:06:43","guid":{"rendered":"https:\/\/www.vbdivulg.com\/?post_type=product&#038;p=9015"},"modified":"2023-09-10T22:06:43","modified_gmt":"2023-09-11T01:06:43","slug":"panela-de-pressao-vancouver-vermelha-6l-diametro-24-cm-tramontina","status":"publish","type":"product","link":"https:\/\/www.vbdivulg.com\/index.php\/produto\/panela-de-pressao-vancouver-vermelha-6l-diametro-24-cm-tramontina\/","title":{"rendered":"Panela de Press\u00e3o, Vancouver, Vermelha, 6L, Di\u00e2metro 24 cm, Tramontina"},"content":{"rendered":"","protected":false},"excerpt":{"rendered":"<p><strong>Tramontina Vancouver\u2757\ufe0fEsse \u00e9 a de 6 Litros \ud83d\ude09<\/strong><\/p>\n<p><strong>Panela de Press\u00e3o, Vancouver, Vermelha, 6L, Di\u00e2metro 24 cm, Tramontina<\/strong><\/p>\n<p><strong>\ud83d\udd25 R$ 274,38 parcelado<\/strong><\/p>\n<p><strong>\u26a0\ufe0f Oferta v\u00e1lida para hoje, 10\/09\/2023, podendo encerrar a qualquer momento!!!<\/strong><\/p>\n<p><strong>\u2712\ufe0f Seja prime, primeiro m\u00eas \u00e9 gr\u00e1tis e pode cancelar quando quiser (inclusive no primeiro m\u00eas): <a href=\"https:\/\/amzn.to\/3xyV8G9\">https:\/\/amzn.to\/3xyV8G9<\/a><\/strong><\/p>\n","protected":false},"featured_media":9016,"comment_status":"open","ping_status":"closed","template":"","meta":[],"class_list":{"0":"post-9015","1":"product","2":"type-product","3":"status-publish","4":"has-post-thumbnail","6":"product_cat-utilidades-domesticas","8":"first","9":"instock","10":"sale","11":"shipping-taxable","12":"product-type-external"},"_links":{"self":[{"href":"https:\/\/www.vbdivulg.com\/index.php\/wp-json\/wp\/v2\/product\/9015","targetHints":{"allow":["GET"]}}],"collection":[{"href":"https:\/\/www.vbdivulg.com\/index.php\/wp-json\/wp\/v2\/product"}],"about":[{"href":"https:\/\/www.vbdivulg.com\/index.php\/wp-json\/wp\/v2\/types\/product"}],"replies":[{"embeddable":true,"href":"https:\/\/www.vbdivulg.com\/index.php\/wp-json\/wp\/v2\/comments?post=9015"}],"wp:featuredmedia":[{"embeddable":true,"href":"https:\/\/www.vbdivulg.com\/index.php\/wp-json\/wp\/v2\/media\/9016"}],"wp:attachment":[{"href":"https:\/\/www.vbdivulg.com\/index.php\/wp-json\/wp\/v2\/media?parent=9015"}],"curies":[{"name":"wp","href":"https:\/\/api.w.org\/{rel}","templated":true}]}}