{"id":9047,"date":"2023-09-21T07:06:15","date_gmt":"2023-09-21T10:06:15","guid":{"rendered":"https:\/\/www.vbdivulg.com\/?post_type=product&#038;p=9047"},"modified":"2023-09-21T07:06:15","modified_gmt":"2023-09-21T10:06:15","slug":"la-roche-posay-effaclar-gel-concentrado-300g","status":"publish","type":"product","link":"https:\/\/www.vbdivulg.com\/index.php\/produto\/la-roche-posay-effaclar-gel-concentrado-300g\/","title":{"rendered":"La Roche-posay Effaclar Gel Concentrado 300g"},"content":{"rendered":"","protected":false},"excerpt":{"rendered":"<p><strong>La Roche \ud83d\udc99 Gel de Limpeza Facial!<\/strong><\/p>\n<p><strong>La Roche-posay Effaclar Gel Concentrado 300g<\/strong><\/p>\n<p><strong>\ud83d\udd25 R$ 68,99 \u00e0 vista<\/strong><\/p>\n<p><strong>\u26a0\ufe0f Oferta v\u00e1lida para hoje, 20\/09\/2023, podendo encerrar a qualquer momento!!!<\/strong><\/p>\n<p><strong>\u2712\ufe0f Seja prime, primeiro m\u00eas \u00e9 gr\u00e1tis e pode cancelar quando quiser (inclusive no primeiro m\u00eas): <a href=\"https:\/\/amzn.to\/3xyV8G9\">https:\/\/amzn.to\/3xyV8G9<\/a><\/strong><\/p>\n","protected":false},"featured_media":9048,"comment_status":"open","ping_status":"closed","template":"","meta":[],"class_list":{"0":"post-9047","1":"product","2":"type-product","3":"status-publish","4":"has-post-thumbnail","6":"product_cat-beleza","8":"first","9":"instock","10":"sale","11":"shipping-taxable","12":"product-type-external"},"_links":{"self":[{"href":"https:\/\/www.vbdivulg.com\/index.php\/wp-json\/wp\/v2\/product\/9047","targetHints":{"allow":["GET"]}}],"collection":[{"href":"https:\/\/www.vbdivulg.com\/index.php\/wp-json\/wp\/v2\/product"}],"about":[{"href":"https:\/\/www.vbdivulg.com\/index.php\/wp-json\/wp\/v2\/types\/product"}],"replies":[{"embeddable":true,"href":"https:\/\/www.vbdivulg.com\/index.php\/wp-json\/wp\/v2\/comments?post=9047"}],"wp:featuredmedia":[{"embeddable":true,"href":"https:\/\/www.vbdivulg.com\/index.php\/wp-json\/wp\/v2\/media\/9048"}],"wp:attachment":[{"href":"https:\/\/www.vbdivulg.com\/index.php\/wp-json\/wp\/v2\/media?parent=9047"}],"curies":[{"name":"wp","href":"https:\/\/api.w.org\/{rel}","templated":true}]}}