{"id":9105,"date":"2023-09-23T17:41:56","date_gmt":"2023-09-23T20:41:56","guid":{"rendered":"https:\/\/www.vbdivulg.com\/?post_type=product&#038;p=9105"},"modified":"2023-09-23T17:41:56","modified_gmt":"2023-09-23T20:41:56","slug":"kit-presente-floratta-fleur-supreme-2-itens","status":"publish","type":"product","link":"https:\/\/www.vbdivulg.com\/index.php\/produto\/kit-presente-floratta-fleur-supreme-2-itens\/","title":{"rendered":"Kit Presente Floratta Fleur Supr\u00eame (2 itens)"},"content":{"rendered":"","protected":false},"excerpt":{"rendered":"<p><strong>Excelente pre\u00e7o \ud83d\ude2f\ud83d\ude2f Floratta Fleur!<\/strong><\/p>\n<p><strong>Kit Presente Floratta Fleur Supr\u00eame (2 itens)<\/strong><\/p>\n<p><strong>\ud83d\udd25 R$ 154,90 parcelado<\/strong><\/p>\n<p><strong>\u26a0\ufe0f Oferta v\u00e1lida para hoje, 23\/09\/2023, podendo encerrar a qualquer momento!!!<\/strong><\/p>\n<p><strong>\u2712\ufe0f Seja prime, primeiro m\u00eas \u00e9 gr\u00e1tis e pode cancelar quando quiser (inclusive no primeiro m\u00eas): <a href=\"https:\/\/amzn.to\/3xyV8G9\">https:\/\/amzn.to\/3xyV8G9<\/a><\/strong><\/p>\n","protected":false},"featured_media":9106,"comment_status":"open","ping_status":"closed","template":"","meta":[],"class_list":{"0":"post-9105","1":"product","2":"type-product","3":"status-publish","4":"has-post-thumbnail","6":"product_cat-beleza","8":"first","9":"instock","10":"sale","11":"shipping-taxable","12":"product-type-external"},"_links":{"self":[{"href":"https:\/\/www.vbdivulg.com\/index.php\/wp-json\/wp\/v2\/product\/9105","targetHints":{"allow":["GET"]}}],"collection":[{"href":"https:\/\/www.vbdivulg.com\/index.php\/wp-json\/wp\/v2\/product"}],"about":[{"href":"https:\/\/www.vbdivulg.com\/index.php\/wp-json\/wp\/v2\/types\/product"}],"replies":[{"embeddable":true,"href":"https:\/\/www.vbdivulg.com\/index.php\/wp-json\/wp\/v2\/comments?post=9105"}],"wp:featuredmedia":[{"embeddable":true,"href":"https:\/\/www.vbdivulg.com\/index.php\/wp-json\/wp\/v2\/media\/9106"}],"wp:attachment":[{"href":"https:\/\/www.vbdivulg.com\/index.php\/wp-json\/wp\/v2\/media?parent=9105"}],"curies":[{"name":"wp","href":"https:\/\/api.w.org\/{rel}","templated":true}]}}