{"id":9118,"date":"2023-09-26T06:33:20","date_gmt":"2023-09-26T09:33:20","guid":{"rendered":"https:\/\/www.vbdivulg.com\/?post_type=product&#038;p=9118"},"modified":"2023-09-26T06:33:20","modified_gmt":"2023-09-26T09:33:20","slug":"triciclo-tonkinha-passeio-pedal-bandeirante-rosa","status":"publish","type":"product","link":"https:\/\/www.vbdivulg.com\/index.php\/produto\/triciclo-tonkinha-passeio-pedal-bandeirante-rosa\/","title":{"rendered":"Triciclo Tonkinha Passeio &#038; Pedal, Bandeirante, Rosa"},"content":{"rendered":"","protected":false},"excerpt":{"rendered":"<p><strong>Triciclo Tonkinha Passeio &amp; Pedal, Bandeirante, Rosa<\/strong><\/p>\n<p><strong>\ud83d\udd25 Por: R$ 289,90 em at\u00e9 5x<\/strong><\/p>\n<p><strong>\u26a0\ufe0f Oferta v\u00e1lida para hoje, 26\/09\/2023, podendo encerrar a qualquer momento!!!<\/strong><\/p>\n<p><strong>\u2712\ufe0f Seja prime, primeiro m\u00eas \u00e9 gr\u00e1tis e pode cancelar quando quiser (inclusive no primeiro m\u00eas): <a href=\"https:\/\/amzn.to\/3xyV8G9\">https:\/\/amzn.to\/3xyV8G9<\/a><\/strong><\/p>\n","protected":false},"featured_media":9119,"comment_status":"open","ping_status":"closed","template":"","meta":[],"class_list":{"0":"post-9118","1":"product","2":"type-product","3":"status-publish","4":"has-post-thumbnail","6":"product_cat-brinquedos-e-colecionaveis","8":"first","9":"instock","10":"sale","11":"shipping-taxable","12":"product-type-external"},"_links":{"self":[{"href":"https:\/\/www.vbdivulg.com\/index.php\/wp-json\/wp\/v2\/product\/9118","targetHints":{"allow":["GET"]}}],"collection":[{"href":"https:\/\/www.vbdivulg.com\/index.php\/wp-json\/wp\/v2\/product"}],"about":[{"href":"https:\/\/www.vbdivulg.com\/index.php\/wp-json\/wp\/v2\/types\/product"}],"replies":[{"embeddable":true,"href":"https:\/\/www.vbdivulg.com\/index.php\/wp-json\/wp\/v2\/comments?post=9118"}],"wp:featuredmedia":[{"embeddable":true,"href":"https:\/\/www.vbdivulg.com\/index.php\/wp-json\/wp\/v2\/media\/9119"}],"wp:attachment":[{"href":"https:\/\/www.vbdivulg.com\/index.php\/wp-json\/wp\/v2\/media?parent=9118"}],"curies":[{"name":"wp","href":"https:\/\/api.w.org\/{rel}","templated":true}]}}