{"id":9121,"date":"2023-09-26T06:36:20","date_gmt":"2023-09-26T09:36:20","guid":{"rendered":"https:\/\/www.vbdivulg.com\/?post_type=product&#038;p=9121"},"modified":"2023-09-26T06:36:20","modified_gmt":"2023-09-26T09:36:20","slug":"smart-stages-irma-do-cachorrinho-aprender-e-brincar-fisher-price-mattel","status":"publish","type":"product","link":"https:\/\/www.vbdivulg.com\/index.php\/produto\/smart-stages-irma-do-cachorrinho-aprender-e-brincar-fisher-price-mattel\/","title":{"rendered":"Smart Stages, Irma do Cachorrinho Aprender e Brincar, Fisher Price, Mattel"},"content":{"rendered":"","protected":false},"excerpt":{"rendered":"<p><strong>Smart Stages, Irma do Cachorrinho Aprender e Brincar, Fisher Price, Mattel<\/strong><\/p>\n<p><strong>\ud83d\udd25R$ 189,00 em at\u00e9 3x<\/strong><\/p>\n<p><strong>\u26a0\ufe0f Oferta v\u00e1lida para hoje, 26\/09\/2023, podendo encerrar a qualquer momento!!!<\/strong><\/p>\n<p><strong>\u2712\ufe0f Seja prime, primeiro m\u00eas \u00e9 gr\u00e1tis e pode cancelar quando quiser (inclusive no primeiro m\u00eas): <a href=\"https:\/\/amzn.to\/3xyV8G9\">https:\/\/amzn.to\/3xyV8G9<\/a><\/strong><\/p>\n","protected":false},"featured_media":9122,"comment_status":"open","ping_status":"closed","template":"","meta":[],"class_list":{"0":"post-9121","1":"product","2":"type-product","3":"status-publish","4":"has-post-thumbnail","6":"product_cat-brinquedos-e-colecionaveis","8":"first","9":"instock","10":"sale","11":"shipping-taxable","12":"product-type-external"},"_links":{"self":[{"href":"https:\/\/www.vbdivulg.com\/index.php\/wp-json\/wp\/v2\/product\/9121","targetHints":{"allow":["GET"]}}],"collection":[{"href":"https:\/\/www.vbdivulg.com\/index.php\/wp-json\/wp\/v2\/product"}],"about":[{"href":"https:\/\/www.vbdivulg.com\/index.php\/wp-json\/wp\/v2\/types\/product"}],"replies":[{"embeddable":true,"href":"https:\/\/www.vbdivulg.com\/index.php\/wp-json\/wp\/v2\/comments?post=9121"}],"wp:featuredmedia":[{"embeddable":true,"href":"https:\/\/www.vbdivulg.com\/index.php\/wp-json\/wp\/v2\/media\/9122"}],"wp:attachment":[{"href":"https:\/\/www.vbdivulg.com\/index.php\/wp-json\/wp\/v2\/media?parent=9121"}],"curies":[{"name":"wp","href":"https:\/\/api.w.org\/{rel}","templated":true}]}}