{"id":9124,"date":"2023-09-28T20:47:37","date_gmt":"2023-09-28T23:47:37","guid":{"rendered":"https:\/\/www.vbdivulg.com\/?post_type=product&#038;p=9124"},"modified":"2023-09-28T20:47:37","modified_gmt":"2023-09-28T23:47:37","slug":"g-tech-oximetro-de-pulso-portatil-modelo-oled-graph","status":"publish","type":"product","link":"https:\/\/www.vbdivulg.com\/index.php\/produto\/g-tech-oximetro-de-pulso-portatil-modelo-oled-graph\/","title":{"rendered":"G-Tech Ox\u00edmetro De Pulso Port\u00e1til Modelo Oled Graph"},"content":{"rendered":"","protected":false},"excerpt":{"rendered":"<p><strong>PRE\u00c7\u00c3O!<\/strong><\/p>\n<p><strong>G-Tech Ox\u00edmetro De Pulso Port\u00e1til Modelo Oled Graph<\/strong><\/p>\n<p><strong>\ud83d\udd25 Por: R$ 62,98<\/strong><\/p>\n<p><strong>\u26a0\ufe0f Oferta v\u00e1lida para hoje, 28\/09\/2023, podendo encerrar a qualquer momento!!!<\/strong><\/p>\n<p><strong>\u2712\ufe0f Seja prime, primeiro m\u00eas \u00e9 gr\u00e1tis e pode cancelar quando quiser (inclusive no primeiro m\u00eas): <a href=\"https:\/\/amzn.to\/3xyV8G9\">https:\/\/amzn.to\/3xyV8G9<\/a><\/strong><\/p>\n","protected":false},"featured_media":9125,"comment_status":"open","ping_status":"closed","template":"","meta":[],"class_list":{"0":"post-9124","1":"product","2":"type-product","3":"status-publish","4":"has-post-thumbnail","6":"product_cat-saude","8":"first","9":"instock","10":"sale","11":"shipping-taxable","12":"product-type-external"},"_links":{"self":[{"href":"https:\/\/www.vbdivulg.com\/index.php\/wp-json\/wp\/v2\/product\/9124","targetHints":{"allow":["GET"]}}],"collection":[{"href":"https:\/\/www.vbdivulg.com\/index.php\/wp-json\/wp\/v2\/product"}],"about":[{"href":"https:\/\/www.vbdivulg.com\/index.php\/wp-json\/wp\/v2\/types\/product"}],"replies":[{"embeddable":true,"href":"https:\/\/www.vbdivulg.com\/index.php\/wp-json\/wp\/v2\/comments?post=9124"}],"wp:featuredmedia":[{"embeddable":true,"href":"https:\/\/www.vbdivulg.com\/index.php\/wp-json\/wp\/v2\/media\/9125"}],"wp:attachment":[{"href":"https:\/\/www.vbdivulg.com\/index.php\/wp-json\/wp\/v2\/media?parent=9124"}],"curies":[{"name":"wp","href":"https:\/\/api.w.org\/{rel}","templated":true}]}}