{"id":9133,"date":"2023-09-28T21:00:56","date_gmt":"2023-09-29T00:00:56","guid":{"rendered":"https:\/\/www.vbdivulg.com\/?post_type=product&#038;p=9133"},"modified":"2023-09-28T21:00:56","modified_gmt":"2023-09-29T00:00:56","slug":"conjunto-mamae-e-bebe","status":"publish","type":"product","link":"https:\/\/www.vbdivulg.com\/index.php\/produto\/conjunto-mamae-e-bebe\/","title":{"rendered":"Conjunto Mam\u00e3e e Beb\u00ea"},"content":{"rendered":"","protected":false},"excerpt":{"rendered":"<p><strong>Conjunto Mam\u00e3e e Beb\u00ea<\/strong><\/p>\n<p><strong>\ud83d\udd25 Por: R$ 65,40<\/strong><\/p>\n<p><strong>\u26a0\ufe0f Oferta v\u00e1lida para hoje, 28\/09\/2023, podendo encerrar a qualquer momento!!!<\/strong><\/p>\n","protected":false},"featured_media":9134,"comment_status":"open","ping_status":"closed","template":"","meta":[],"class_list":{"0":"post-9133","1":"product","2":"type-product","3":"status-publish","4":"has-post-thumbnail","6":"product_cat-beleza","8":"first","9":"instock","10":"sale","11":"shipping-taxable","12":"product-type-external"},"_links":{"self":[{"href":"https:\/\/www.vbdivulg.com\/index.php\/wp-json\/wp\/v2\/product\/9133","targetHints":{"allow":["GET"]}}],"collection":[{"href":"https:\/\/www.vbdivulg.com\/index.php\/wp-json\/wp\/v2\/product"}],"about":[{"href":"https:\/\/www.vbdivulg.com\/index.php\/wp-json\/wp\/v2\/types\/product"}],"replies":[{"embeddable":true,"href":"https:\/\/www.vbdivulg.com\/index.php\/wp-json\/wp\/v2\/comments?post=9133"}],"wp:featuredmedia":[{"embeddable":true,"href":"https:\/\/www.vbdivulg.com\/index.php\/wp-json\/wp\/v2\/media\/9134"}],"wp:attachment":[{"href":"https:\/\/www.vbdivulg.com\/index.php\/wp-json\/wp\/v2\/media?parent=9133"}],"curies":[{"name":"wp","href":"https:\/\/api.w.org\/{rel}","templated":true}]}}