{"id":9185,"date":"2023-10-07T20:56:25","date_gmt":"2023-10-07T23:56:25","guid":{"rendered":"https:\/\/www.vbdivulg.com\/?post_type=product&#038;p=9185"},"modified":"2023-10-07T20:56:25","modified_gmt":"2023-10-07T23:56:25","slug":"maquina-de-lavar-16kg-tira-manchas-bwk16ab-branca-brastemp-cor-branco-220v","status":"publish","type":"product","link":"https:\/\/www.vbdivulg.com\/index.php\/produto\/maquina-de-lavar-16kg-tira-manchas-bwk16ab-branca-brastemp-cor-branco-220v\/","title":{"rendered":"M\u00e1quina De Lavar 16kg Tira Manchas Bwk16ab Branca Brastemp Cor Branco 220V"},"content":{"rendered":"","protected":false},"excerpt":{"rendered":"<p><strong>PRE\u00c7\u00c3O! M\u00e1quina 16KG Brastemp, parcelado \ud83d\ude09<\/strong><\/p>\n<p><strong>M\u00e1quina De Lavar 16kg Tira Manchas Bwk16ab Branca Brastemp Cor Branco 220V<\/strong><\/p>\n<p><strong>\ud83d\udd25R$ 2.199,00 em at\u00e9 10x<\/strong><\/p>\n<p><strong>\u26a0\ufe0f Oferta v\u00e1lida para hoje, 07\/10\/2023, podendo encerrar a qualquer momento!!!<\/strong><\/p>\n","protected":false},"featured_media":9186,"comment_status":"open","ping_status":"closed","template":"","meta":[],"class_list":{"0":"post-9185","1":"product","2":"type-product","3":"status-publish","4":"has-post-thumbnail","6":"product_cat-eletrodomesticos","8":"first","9":"instock","10":"sale","11":"shipping-taxable","12":"product-type-external"},"_links":{"self":[{"href":"https:\/\/www.vbdivulg.com\/index.php\/wp-json\/wp\/v2\/product\/9185","targetHints":{"allow":["GET"]}}],"collection":[{"href":"https:\/\/www.vbdivulg.com\/index.php\/wp-json\/wp\/v2\/product"}],"about":[{"href":"https:\/\/www.vbdivulg.com\/index.php\/wp-json\/wp\/v2\/types\/product"}],"replies":[{"embeddable":true,"href":"https:\/\/www.vbdivulg.com\/index.php\/wp-json\/wp\/v2\/comments?post=9185"}],"wp:featuredmedia":[{"embeddable":true,"href":"https:\/\/www.vbdivulg.com\/index.php\/wp-json\/wp\/v2\/media\/9186"}],"wp:attachment":[{"href":"https:\/\/www.vbdivulg.com\/index.php\/wp-json\/wp\/v2\/media?parent=9185"}],"curies":[{"name":"wp","href":"https:\/\/api.w.org\/{rel}","templated":true}]}}