{"id":9273,"date":"2023-12-20T21:46:13","date_gmt":"2023-12-21T00:46:13","guid":{"rendered":"https:\/\/www.vbdivulg.com\/?post_type=product&#038;p=9273"},"modified":"2023-12-20T21:46:13","modified_gmt":"2023-12-21T00:46:13","slug":"kerastase-oleo-elixir-ultime-lhuile-rose-100-ml","status":"publish","type":"product","link":"https:\/\/www.vbdivulg.com\/index.php\/produto\/kerastase-oleo-elixir-ultime-lhuile-rose-100-ml\/","title":{"rendered":"K\u00e9rastase \u00d3leo Elixir Ultime L&#8217;Huile Rose 100 ml"},"content":{"rendered":"","protected":false},"excerpt":{"rendered":"<p><strong>\ud83d\udc96 K\u00e9rastase 100ml!<\/strong><\/p>\n<p><strong>K\u00e9rastase \u00d3leo Elixir Ultime L&#8217;Huile Rose 100 ml<\/strong><\/p>\n<p><strong>\ud83d\udd25 Por: R$ 189,90 em at\u00e9 3x<\/strong><br \/>\n<strong>\ud83d\udd25 Por: R$ 170,91 Comprando na op\u00e7\u00e3o recorr\u00eancia<\/strong><\/p>\n<p><strong>\ud83d\uddd3 Oferta v\u00e1lida para hoje, 20\/12\/2023, podendo encerrar a qualquer momento!!!<\/strong><\/p>\n<p><strong>\u2712\ufe0f Seja prime, primeiro m\u00eas \u00e9 gr\u00e1tis e pode cancelar quando quiser (inclusive no primeiro m\u00eas): <a href=\"https:\/\/amzn.to\/3xyV8G9\">https:\/\/amzn.to\/3xyV8G9<\/a><\/strong><\/p>\n","protected":false},"featured_media":9274,"comment_status":"open","ping_status":"closed","template":"","meta":[],"class_list":{"0":"post-9273","1":"product","2":"type-product","3":"status-publish","4":"has-post-thumbnail","6":"product_cat-beleza","8":"first","9":"instock","10":"sale","11":"shipping-taxable","12":"product-type-external"},"_links":{"self":[{"href":"https:\/\/www.vbdivulg.com\/index.php\/wp-json\/wp\/v2\/product\/9273","targetHints":{"allow":["GET"]}}],"collection":[{"href":"https:\/\/www.vbdivulg.com\/index.php\/wp-json\/wp\/v2\/product"}],"about":[{"href":"https:\/\/www.vbdivulg.com\/index.php\/wp-json\/wp\/v2\/types\/product"}],"replies":[{"embeddable":true,"href":"https:\/\/www.vbdivulg.com\/index.php\/wp-json\/wp\/v2\/comments?post=9273"}],"wp:featuredmedia":[{"embeddable":true,"href":"https:\/\/www.vbdivulg.com\/index.php\/wp-json\/wp\/v2\/media\/9274"}],"wp:attachment":[{"href":"https:\/\/www.vbdivulg.com\/index.php\/wp-json\/wp\/v2\/media?parent=9273"}],"curies":[{"name":"wp","href":"https:\/\/api.w.org\/{rel}","templated":true}]}}