{"id":9296,"date":"2023-12-21T20:20:45","date_gmt":"2023-12-21T23:20:45","guid":{"rendered":"https:\/\/www.vbdivulg.com\/?post_type=product&#038;p=9296"},"modified":"2024-11-24T04:58:28","modified_gmt":"2024-11-24T07:58:28","slug":"estojo-com-6-pratos-sobremesa-modelo-redondo-voyage-coup-branca-qualidade-beleza-e-resistencia","status":"publish","type":"product","link":"https:\/\/www.vbdivulg.com\/index.php\/produto\/estojo-com-6-pratos-sobremesa-modelo-redondo-voyage-coup-branca-qualidade-beleza-e-resistencia\/","title":{"rendered":"Estojo com 6 Pratos Sobremesa. Modelo Redondo Voyage Coup. Branca. Qualidade Beleza e resist\u00eancia"},"content":{"rendered":"","protected":false},"excerpt":{"rendered":"<p><strong>6 Pratos de Sobremesa\u2757\ufe0f<\/strong><\/p>\n<p><strong>Estojo com 6 Pratos Sobremesa. Modelo Redondo Voyage Coup. Branca. Qualidade Beleza e resist\u00eancia<\/strong><\/p>\n<p><strong>\ud83d\udd25 Por: R$ 68,12 \u00e0 vista<\/strong><\/p>\n<p><strong>\u26a0\ufe0f Oferta v\u00e1lida para hoje, 21\/12\/2023, podendo encerrar a qualquer momento!!!<\/strong><\/p>\n<p><strong>\u2712\ufe0f Seja prime, primeiro m\u00eas \u00e9 gr\u00e1tis e pode cancelar quando quiser (inclusive no primeiro m\u00eas): <a href=\"https:\/\/amzn.to\/3xyV8G9\">https:\/\/amzn.to\/3xyV8G9<\/a><\/strong><\/p>\n","protected":false},"featured_media":9297,"comment_status":"open","ping_status":"closed","template":"","meta":[],"class_list":{"0":"post-9296","1":"product","2":"type-product","3":"status-publish","4":"has-post-thumbnail","6":"product_cat-cama-mesa-e-banho","8":"first","9":"instock","10":"sale","11":"shipping-taxable","12":"product-type-external"},"_links":{"self":[{"href":"https:\/\/www.vbdivulg.com\/index.php\/wp-json\/wp\/v2\/product\/9296","targetHints":{"allow":["GET"]}}],"collection":[{"href":"https:\/\/www.vbdivulg.com\/index.php\/wp-json\/wp\/v2\/product"}],"about":[{"href":"https:\/\/www.vbdivulg.com\/index.php\/wp-json\/wp\/v2\/types\/product"}],"replies":[{"embeddable":true,"href":"https:\/\/www.vbdivulg.com\/index.php\/wp-json\/wp\/v2\/comments?post=9296"}],"wp:featuredmedia":[{"embeddable":true,"href":"https:\/\/www.vbdivulg.com\/index.php\/wp-json\/wp\/v2\/media\/9297"}],"wp:attachment":[{"href":"https:\/\/www.vbdivulg.com\/index.php\/wp-json\/wp\/v2\/media?parent=9296"}],"curies":[{"name":"wp","href":"https:\/\/api.w.org\/{rel}","templated":true}]}}