{"id":9326,"date":"2023-12-26T17:59:26","date_gmt":"2023-12-26T20:59:26","guid":{"rendered":"https:\/\/www.vbdivulg.com\/?post_type=product&#038;p=9326"},"modified":"2024-02-16T23:21:07","modified_gmt":"2024-02-17T02:21:07","slug":"jogo-de-panelas-tramontina-allegra-em-aco-inox-com-fundo-triplo-5-pecas","status":"publish","type":"product","link":"https:\/\/www.vbdivulg.com\/index.php\/produto\/jogo-de-panelas-tramontina-allegra-em-aco-inox-com-fundo-triplo-5-pecas\/","title":{"rendered":"Jogo de Panelas Tramontina Allegra em A\u00e7o Inox com Fundo Triplo 5 Pe\u00e7as"},"content":{"rendered":"","protected":false},"excerpt":{"rendered":"<p><strong>\ud83e\udd58 5 Pe\u00e7as\u203c\ufe0f<\/strong><\/p>\n<p><strong>Jogo de Panelas Tramontina Allegra em A\u00e7o Inox com Fundo Triplo 5 Pe\u00e7as<\/strong><\/p>\n<p><strong>\ud83d\udd25 Por: R$ 394,71 \u00e0 vista ( clique em outra forma de comprar na coluna do lado direito para aparecer o valor sendo vendido e entregue pela Amazon)<\/strong><br \/>\n<strong>\ud83d\udd25 Por: R$ 420,98 em at\u00e9 8x<\/strong><\/p>\n<p><strong>\ud83d\uddd3 Oferta v\u00e1lida para hoje, 26\/12\/2023, podendo encerrar a qualquer momento!!!<\/strong><\/p>\n<p><strong>\u2712\ufe0f Seja prime, primeiro m\u00eas \u00e9 gr\u00e1tis e pode cancelar quando quiser (inclusive no primeiro m\u00eas): <a href=\"https:\/\/amzn.to\/3xyV8G9\">https:\/\/amzn.to\/3xyV8G9<\/a><\/strong><\/p>\n","protected":false},"featured_media":9327,"comment_status":"open","ping_status":"closed","template":"","meta":[],"class_list":{"0":"post-9326","1":"product","2":"type-product","3":"status-publish","4":"has-post-thumbnail","6":"product_cat-utilidades-domesticas","8":"first","9":"instock","10":"sale","11":"shipping-taxable","12":"product-type-external"},"_links":{"self":[{"href":"https:\/\/www.vbdivulg.com\/index.php\/wp-json\/wp\/v2\/product\/9326","targetHints":{"allow":["GET"]}}],"collection":[{"href":"https:\/\/www.vbdivulg.com\/index.php\/wp-json\/wp\/v2\/product"}],"about":[{"href":"https:\/\/www.vbdivulg.com\/index.php\/wp-json\/wp\/v2\/types\/product"}],"replies":[{"embeddable":true,"href":"https:\/\/www.vbdivulg.com\/index.php\/wp-json\/wp\/v2\/comments?post=9326"}],"wp:featuredmedia":[{"embeddable":true,"href":"https:\/\/www.vbdivulg.com\/index.php\/wp-json\/wp\/v2\/media\/9327"}],"wp:attachment":[{"href":"https:\/\/www.vbdivulg.com\/index.php\/wp-json\/wp\/v2\/media?parent=9326"}],"curies":[{"name":"wp","href":"https:\/\/api.w.org\/{rel}","templated":true}]}}